{"text_format":"1","workbook":"xlsx","n_sheets":4,"sheets":["Instructions","Run Chart","Makeup","Math-DO-NOT-Delete"],"not_rendered":{"charts":0,"images":4,"macros":0,"external_links":0,"defined_names":2,"comments":0,"pivot_tables":0},"unopened":[],"bounds":{"document_bytes":16777216,"sheet_cells":100000,"rows_first":2000,"rows_last":500,"rows_between":2000,"halvings":0,"cell_chars":16384,"cell_head_chars":4096},"cells_cut":0,"cells_raw":0,"read":"whole","date_system":"1900"}

{"sheet":"Instructions","index":0,"n_rows":38,"n_cols":2,"rows_kept":38,"cut":false,"hidden":false,"merged":[]}
[null,"Updated : 2025-05-07"]
[null,"INSTRUCTIONS"]
[]
[null,"RUN CHART"]
[null,"1. Click on the cell to the right of the word \"Product:\", then click on the arrow that appears and select the product that you want."]
[null,"2. The chart will draw a scale on the side and the white, yellow, and the red plotting area based on the refractive reading for a usual percent concentration range and target concentration."]
[null,"(Customize the Run Chart to fit your operating parameters by simply changing the Percent Concentration: Min, Target, and Max numbers in the GREEN boxes) "]
[null,"3. Print the chart and post it on your machine. "]
[null,"4. Plot the Refractive Reading of the sump everyday. Stay in the white zone close to the target Refractive Reading."]
[]
[]
[]
[]
[]
[]
[]
[]
[]
[]
[]
[]
[]
[]
[]
[]
[]
[]
[]
[null,"MAKEUP CHART"]
[null,"1. Select the product the same way you did on the RUN CHART."]
[null,"2. There is an additional feature to select a makeup factor (0.1 - 1.0).  A typical makeup factor is about \"0.4\". "]
[null,"(Meaning that you only need a coolant concentrate that is about 4/10 what you need for a first charge of a sump)"]
[null,"(Customize the Makeup chart to fit your makeup operating parameters by simply clicking on cell to the right of the “makeup factor” and choose the factor from the drop down list.)"]
[null,"3. The chart will draw a scale on the side and the white, yellow, and the red plotting area."]
[null,"4. Print the chart and post it on your machine or by your makeup coolant supply. "]
[null,"5. Plot the Refractive Reading of the machine’s or system’s makeup everyday. Adjust your makeup concentration to keep your COOLANT CONCENTRATION within your operating parameters. If the coolant concentration is going up, you need to adjust your makeup concentration down. If the coolant concentration is going down you need to adjust your makeup concentration up."]
[]
[null,"(See our online Makeup Calculator App for more information about calculating your specific needs - https://apps.masterfluidsolutions.com/makeup/)"]

{"sheet":"Run Chart","index":1,"n_rows":65,"n_cols":66,"rows_kept":65,"cut":false,"hidden":false,"merged":[[63,1,63,66],[61,1,61,3],[60,1,60,3],[61,35,61,65],[62,1,62,3],[62,4,62,10],[62,50,62,57],[62,58,62,65],[62,35,62,41],[62,42,62,49],[62,11,62,18],[62,19,62,26],[62,27,62,34],[61,4,61,34],[4,45,4,65],[5,45,5,65],[6,1,59,2],[6,3,7,3],[30,3,31,3],[4,18,4,20],[4,21,4,22],[4,37,4,38],[14,3,15,3],[12,3,13,3],[10,3,11,3],[8,3,9,3],[18,3,19,3],[44,3,45,3],[20,3,21,3],[22,3,23,3],[3,43,3,44],[5,39,5,42],[4,39,4,42],[5,43,5,44],[4,43,4,44],[26,3,27,3],[28,3,29,3],[46,3,47,3],[48,3,49,3],[3,39,3,42],[3,37,3,38],[5,37,5,38],[4,1,4,4],[4,5,4,16],[5,4,5,22],[5,1,5,2],[4,23,4,36],[5,23,5,36],[0,7,3,33],[0,37,0,50],[1,37,1,50],[2,48,2,64],[3,48,3,64],[64,1,64,65],[58,3,59,3],[42,3,43,3],[50,3,51,3],[52,3,53,3],[54,3,55,3],[56,3,57,3],[32,3,33,3],[34,3,35,3],[36,3,37,3],[38,3,39,3],[40,3,41,3],[16,3,17,3],[24,3,25,3]]}
[null,null,null,null,null,null,null,"TRIM® RUN CHART",null,null,null,null,null,null,null,null,null,null,null,null,null,null,null,null,null,null,null,null,null,null,null,null,null,null,null,null,null,"Techline Assistance: 800-537-3365"]
[null,null,null,null,null,null,null,null,null,null,null,null,null,null,null,null,null,null,null,null,null,null,null,null,null,null,null,null,null,null,null,null,null,null,null,null,null,"info@masterchemical.com"]
[]
[null,null,null,null,null,null,null,null,null,null,null,null,null,null,null,null,null,null,null,null,null,null,null,null,null,null,null,null,null,null,null,null,null,null,null,null,null,"Min",null,"Target",null,null,null,"Max"]
[null," Product:",null,null,null,"TRIM® HyperSol™ 888NXT",null,null,null,null,null,null,null,null,null,null,null,null,"Brix:",null,null,{"$f":"VLOOKUP($F$5, 'Math-DO-NOT-Delete'!$A$2:$G$50,2,FALSE)","v":"2.2"},null,"Percent Concentration:",null,null,null,null,null,null,null,null,null,null,null,null,null,{"$f":"VLOOKUP($F$5, 'Math-DO-NOT-Delete'!$A$2:$G$50,5, FALSE)","v":5},null,{"$f":"VLOOKUP($F$5, 'Math-DO-NOT-Delete'!$A$2:$G$50,6, FALSE)","v":8},null,null,null,{"$f":"VLOOKUP($F$5, 'Math-DO-NOT-Delete'!$A$2:$G$50,7, FALSE)","v":12},null," Company:"]
[null,"Step:",null,{"$f":"ROUNDUP((($AR$6-$AL$6)*'Math-DO-NOT-Delete'!I2)/'Math-DO-NOT-Delete'!I3,1)","v":0.30000000000000004}," Check Refractometer Reading and Top Off Daily",null,null,null,null,null,null,null,null,null,null,null,null,null,null,null,null,null,null,"Refractometer Reading:",null,null,null,null,null,null,null,null,null,null,null,null,null,{"$f":"AL5/$V5","v":2.2727272727272725},null,{"$f":"ROUNDUP((AN5/$V5),1)","v":3.7},null,null,null,{"$f":"AR5/$V5","v":5.4545454545454541},null," Machine:"]
[null,null,null,{"$f":"D9 +$D$6","v":7.5999999999999979},{"$f":"$D7","v":7.5999999999999979},7.5999999999999979,7.5999999999999979,7.5999999999999979,7.5999999999999979,7.5999999999999979,7.5999999999999979,7.5999999999999979,7.5999999999999979,7.5999999999999979,7.5999999999999979,7.5999999999999979,7.5999999999999979,7.5999999999999979,7.5999999999999979,7.5999999999999979,{"$f":"$D7","v":7.5999999999999979},7.5999999999999979,7.5999999999999979,7.5999999999999979,7.5999999999999979,7.5999999999999979,7.5999999999999979,7.5999999999999979,7.5999999999999979,7.5999999999999979,7.5999999999999979,7.5999999999999979,7.5999999999999979,7.5999999999999979,7.5999999999999979,7.5999999999999979,7.5999999999999979,7.5999999999999979,7.5999999999999979,7.5999999999999979,7.5999999999999979,7.5999999999999979,7.5999999999999979,7.5999999999999979,7.5999999999999979,7.5999999999999979,7.5999999999999979,7.5999999999999979,7.5999999999999979,7.5999999999999979,7.5999999999999979,7.5999999999999979,7.5999999999999979,7.5999999999999979,7.5999999999999979,7.5999999999999979,7.5999999999999979,7.5999999999999979,7.5999999999999979,7.5999999999999979,7.5999999999999979,7.5999999999999979,7.5999999999999979,7.5999999999999979,7.5999999999999979,7.5999999999999979]
[null,null,null,null,{"$f":"$D7-$D$6*0.5","v":7.4499999999999975},7.4499999999999975,7.4499999999999975,7.4499999999999975,7.4499999999999975,7.4499999999999975,7.4499999999999975,7.4499999999999975,7.4499999999999975,7.4499999999999975,7.4499999999999975,7.4499999999999975,7.4499999999999975,7.4499999999999975,7.4499999999999975,7.4499999999999975,7.4499999999999975,7.4499999999999975,7.4499999999999975,7.4499999999999975,7.4499999999999975,7.4499999999999975,7.4499999999999975,7.4499999999999975,7.4499999999999975,7.4499999999999975,7.4499999999999975,7.4499999999999975,7.4499999999999975,7.4499999999999975,7.4499999999999975,7.4499999999999975,7.4499999999999975,7.4499999999999975,7.4499999999999975,7.4499999999999975,7.4499999999999975,7.4499999999999975,7.4499999999999975,7.4499999999999975,7.4499999999999975,7.4499999999999975,7.4499999999999975,7.4499999999999975,7.4499999999999975,7.4499999999999975,7.4499999999999975,7.4499999999999975,7.4499999999999975,7.4499999999999975,7.4499999999999975,7.4499999999999975,7.4499999999999975,7.4499999999999975,7.4499999999999975,7.4499999999999975,7.4499999999999975,7.4499999999999975,7.4499999999999975,7.4499999999999975,7.4499999999999975,7.4499999999999975]
[null,null,null,{"$f":"D11 +$D$6","v":7.299999999999998},7.299999999999998,7.299999999999998,7.299999999999998,7.299999999999998,7.299999999999998,7.299999999999998,7.299999999999998,7.299999999999998,7.299999999999998,7.299999999999998,7.299999999999998,7.299999999999998,7.299999999999998,7.299999999999998,7.299999999999998,7.299999999999998,7.299999999999998,7.299999999999998,7.299999999999998,7.299999999999998,7.299999999999998,7.299999999999998,7.299999999999998,7.299999999999998,7.299999999999998,7.299999999999998,7.299999999999998,7.299999999999998,7.299999999999998,7.299999999999998,7.299999999999998,7.299999999999998,7.299999999999998,7.299999999999998,7.299999999999998,7.299999999999998,7.299999999999998,7.299999999999998,7.299999999999998,7.299999999999998,7.299999999999998,7.299999999999998,7.299999999999998,7.299999999999998,7.299999999999998,7.299999999999998,7.299999999999998,7.299999999999998,7.299999999999998,7.299999999999998,7.299999999999998,7.299999999999998,7.299999999999998,7.299999999999998,7.299999999999998,7.299999999999998,7.299999999999998,7.299999999999998,7.299999999999998,7.299999999999998,7.299999999999998,7.299999999999998]
[null,null,null,null,{"$f":"$D9-$D$6*0.5","v":7.1499999999999977},7.1499999999999977,7.1499999999999977,7.1499999999999977,7.1499999999999977,7.1499999999999977,7.1499999999999977,7.1499999999999977,7.1499999999999977,7.1499999999999977,7.1499999999999977,7.1499999999999977,7.1499999999999977,7.1499999999999977,7.1499999999999977,7.1499999999999977,7.1499999999999977,7.1499999999999977,7.1499999999999977,7.1499999999999977,7.1499999999999977,7.1499999999999977,7.1499999999999977,7.1499999999999977,7.1499999999999977,7.1499999999999977,7.1499999999999977,7.1499999999999977,7.1499999999999977,7.1499999999999977,7.1499999999999977,7.1499999999999977,7.1499999999999977,7.1499999999999977,7.1499999999999977,7.1499999999999977,7.1499999999999977,7.1499999999999977,7.1499999999999977,7.1499999999999977,7.1499999999999977,7.1499999999999977,7.1499999999999977,7.1499999999999977,7.1499999999999977,7.1499999999999977,7.1499999999999977,7.1499999999999977,7.1499999999999977,7.1499999999999977,7.1499999999999977,7.1499999999999977,7.1499999999999977,7.1499999999999977,7.1499999999999977,7.1499999999999977,7.1499999999999977,7.1499999999999977,7.1499999999999977,7.1499999999999977,7.1499999999999977,7.1499999999999977]
[null,null,null,{"$f":"D13 +$D$6","v":6.9999999999999982},6.9999999999999982,6.9999999999999982,6.9999999999999982,6.9999999999999982,6.9999999999999982,6.9999999999999982,6.9999999999999982,6.9999999999999982,6.9999999999999982,6.9999999999999982,6.9999999999999982,6.9999999999999982,6.9999999999999982,6.9999999999999982,6.9999999999999982,6.9999999999999982,6.9999999999999982,6.9999999999999982,6.9999999999999982,6.9999999999999982,6.9999999999999982,6.9999999999999982,6.9999999999999982,6.9999999999999982,6.9999999999999982,6.9999999999999982,6.9999999999999982,6.9999999999999982,6.9999999999999982,6.9999999999999982,6.9999999999999982,6.9999999999999982,6.9999999999999982,6.9999999999999982,6.9999999999999982,6.9999999999999982,6.9999999999999982,6.9999999999999982,6.9999999999999982,6.9999999999999982,6.9999999999999982,6.9999999999999982,6.9999999999999982,6.9999999999999982,6.9999999999999982,6.9999999999999982,6.9999999999999982,6.9999999999999982,6.9999999999999982,6.9999999999999982,6.9999999999999982,6.9999999999999982,6.9999999999999982,6.9999999999999982,6.9999999999999982,6.9999999999999982,6.9999999999999982,6.9999999999999982,6.9999999999999982,6.9999999999999982,6.9999999999999982,6.9999999999999982]
[null,null,null,null,{"$f":"$D11-$D$6*0.5","v":6.8499999999999979},6.8499999999999979,6.8499999999999979,6.8499999999999979,6.8499999999999979,6.8499999999999979,6.8499999999999979,6.8499999999999979,6.8499999999999979,6.8499999999999979,6.8499999999999979,6.8499999999999979,6.8499999999999979,6.8499999999999979,6.8499999999999979,6.8499999999999979,6.8499999999999979,6.8499999999999979,6.8499999999999979,6.8499999999999979,6.8499999999999979,6.8499999999999979,6.8499999999999979,6.8499999999999979,6.8499999999999979,6.8499999999999979,6.8499999999999979,6.8499999999999979,6.8499999999999979,6.8499999999999979,6.8499999999999979,6.8499999999999979,6.8499999999999979,6.8499999999999979,6.8499999999999979,6.8499999999999979,6.8499999999999979,6.8499999999999979,6.8499999999999979,6.8499999999999979,6.8499999999999979,6.8499999999999979,6.8499999999999979,6.8499999999999979,6.8499999999999979,6.8499999999999979,6.8499999999999979,6.8499999999999979,6.8499999999999979,6.8499999999999979,6.8499999999999979,6.8499999999999979,6.8499999999999979,6.8499999999999979,6.8499999999999979,6.8499999999999979,6.8499999999999979,6.8499999999999979,6.8499999999999979,6.8499999999999979,6.8499999999999979,6.8499999999999979]
[null,null,null,{"$f":"D15 +$D$6","v":6.6999999999999984},6.6999999999999984,6.6999999999999984,6.6999999999999984,6.6999999999999984,6.6999999999999984,6.6999999999999984,6.6999999999999984,6.6999999999999984,6.6999999999999984,6.6999999999999984,6.6999999999999984,6.6999999999999984,6.6999999999999984,6.6999999999999984,6.6999999999999984,6.6999999999999984,6.6999999999999984,6.6999999999999984,6.6999999999999984,6.6999999999999984,6.6999999999999984,6.6999999999999984,6.6999999999999984,6.6999999999999984,6.6999999999999984,6.6999999999999984,6.6999999999999984,6.6999999999999984,6.6999999999999984,6.6999999999999984,6.6999999999999984,6.6999999999999984,6.6999999999999984,6.6999999999999984,6.6999999999999984,6.6999999999999984,6.6999999999999984,6.6999999999999984,6.6999999999999984,6.6999999999999984,6.6999999999999984,6.6999999999999984,6.6999999999999984,6.6999999999999984,6.6999999999999984,6.6999999999999984,6.6999999999999984,6.6999999999999984,6.6999999999999984,6.6999999999999984,6.6999999999999984,6.6999999999999984,6.6999999999999984,6.6999999999999984,6.6999999999999984,6.6999999999999984,6.6999999999999984,6.6999999999999984,6.6999999999999984,6.6999999999999984,6.6999999999999984,6.6999999999999984]
[null,null,null,null,{"$f":"$D13-$D$6*0.5","v":6.549999999999998},6.549999999999998,6.549999999999998,6.549999999999998,6.549999999999998,6.549999999999998,6.549999999999998,6.549999999999998,6.549999999999998,6.549999999999998,6.549999999999998,6.549999999999998,6.549999999999998,6.549999999999998,6.549999999999998,6.549999999999998,6.549999999999998,6.549999999999998,6.549999999999998,6.549999999999998,6.549999999999998,6.549999999999998,6.549999999999998,6.549999999999998,6.549999999999998,6.549999999999998,6.549999999999998,6.549999999999998,6.549999999999998,6.549999999999998,6.549999999999998,6.549999999999998,6.549999999999998,6.549999999999998,6.549999999999998,6.549999999999998,6.549999999999998,6.549999999999998,6.549999999999998,6.549999999999998,6.549999999999998,6.549999999999998,6.549999999999998,6.549999999999998,6.549999999999998,6.549999999999998,6.549999999999998,6.549999999999998,6.549999999999998,6.549999999999998,6.549999999999998,6.549999999999998,6.549999999999998,6.549999999999998,6.549999999999998,6.549999999999998,6.549999999999998,6.549999999999998,6.549999999999998,6.549999999999998,6.549999999999998,6.549999999999998]
[null,null,null,{"$f":"D17 +$D$6","v":6.3999999999999986},6.3999999999999986,6.3999999999999986,6.3999999999999986,6.3999999999999986,6.3999999999999986,6.3999999999999986,6.3999999999999986,6.3999999999999986,6.3999999999999986,6.3999999999999986,6.3999999999999986,6.3999999999999986,6.3999999999999986,6.3999999999999986,6.3999999999999986,6.3999999999999986,6.3999999999999986,6.3999999999999986,6.3999999999999986,6.3999999999999986,6.3999999999999986,6.3999999999999986,6.3999999999999986,6.3999999999999986,6.3999999999999986,6.3999999999999986,6.3999999999999986,{"$f":"$D15","v":6.3999999999999986},6.3999999999999986,6.3999999999999986,6.3999999999999986,6.3999999999999986,6.3999999999999986,6.3999999999999986,6.3999999999999986,6.3999999999999986,6.3999999999999986,6.3999999999999986,6.3999999999999986,6.3999999999999986,6.3999999999999986,6.3999999999999986,6.3999999999999986,6.3999999999999986,6.3999999999999986,6.3999999999999986,6.3999999999999986,6.3999999999999986,6.3999999999999986,6.3999999999999986,6.3999999999999986,6.3999999999999986,6.3999999999999986,6.3999999999999986,6.3999999999999986,6.3999999999999986,6.3999999999999986,6.3999999999999986,6.3999999999999986,6.3999999999999986,6.3999999999999986,6.3999999999999986]
[null,null,null,null,{"$f":"$D15-$D$6*0.5","v":6.2499999999999982},6.2499999999999982,6.2499999999999982,6.2499999999999982,6.2499999999999982,6.2499999999999982,6.2499999999999982,6.2499999999999982,6.2499999999999982,6.2499999999999982,6.2499999999999982,6.2499999999999982,6.2499999999999982,6.2499999999999982,6.2499999999999982,6.2499999999999982,6.2499999999999982,6.2499999999999982,6.2499999999999982,6.2499999999999982,6.2499999999999982,6.2499999999999982,6.2499999999999982,6.2499999999999982,6.2499999999999982,6.2499999999999982,6.2499999999999982,6.2499999999999982,6.2499999999999982,6.2499999999999982,6.2499999999999982,6.2499999999999982,6.2499999999999982,6.2499999999999982,6.2499999999999982,6.2499999999999982,6.2499999999999982,6.2499999999999982,6.2499999999999982,6.2499999999999982,6.2499999999999982,6.2499999999999982,6.2499999999999982,6.2499999999999982,6.2499999999999982,6.2499999999999982,6.2499999999999982,6.2499999999999982,6.2499999999999982,6.2499999999999982,6.2499999999999982,6.2499999999999982,6.2499999999999982,6.2499999999999982,6.2499999999999982,6.2499999999999982,6.2499999999999982,6.2499999999999982,6.2499999999999982,6.2499999999999982,6.2499999999999982,6.2499999999999982]
[null,null,null,{"$f":"D19 +$D$6","v":6.0999999999999988},6.0999999999999988,6.0999999999999988,6.0999999999999988,6.0999999999999988,6.0999999999999988,6.0999999999999988,6.0999999999999988,6.0999999999999988,6.0999999999999988,6.0999999999999988,6.0999999999999988,6.0999999999999988,6.0999999999999988,6.0999999999999988,6.0999999999999988,6.0999999999999988,6.0999999999999988,6.0999999999999988,6.0999999999999988,6.0999999999999988,6.0999999999999988,6.0999999999999988,6.0999999999999988,6.0999999999999988,6.0999999999999988,6.0999999999999988,6.0999999999999988,6.0999999999999988,6.0999999999999988,6.0999999999999988,6.0999999999999988,6.0999999999999988,6.0999999999999988,6.0999999999999988,6.0999999999999988,6.0999999999999988,6.0999999999999988,6.0999999999999988,6.0999999999999988,6.0999999999999988,6.0999999999999988,6.0999999999999988,6.0999999999999988,6.0999999999999988,6.0999999999999988,6.0999999999999988,6.0999999999999988,6.0999999999999988,6.0999999999999988,6.0999999999999988,6.0999999999999988,6.0999999999999988,6.0999999999999988,6.0999999999999988,6.0999999999999988,6.0999999999999988,6.0999999999999988,6.0999999999999988,6.0999999999999988,6.0999999999999988,6.0999999999999988,6.0999999999999988]
[null,null,null,null,{"$f":"$D17-$D$6*0.5","v":5.9499999999999984},5.9499999999999984,5.9499999999999984,5.9499999999999984,5.9499999999999984,5.9499999999999984,5.9499999999999984,5.9499999999999984,5.9499999999999984,5.9499999999999984,5.9499999999999984,5.9499999999999984,5.9499999999999984,5.9499999999999984,5.9499999999999984,5.9499999999999984,5.9499999999999984,5.9499999999999984,5.9499999999999984,5.9499999999999984,5.9499999999999984,5.9499999999999984,5.9499999999999984,5.9499999999999984,5.9499999999999984,5.9499999999999984,5.9499999999999984,5.9499999999999984,5.9499999999999984,5.9499999999999984,5.9499999999999984,5.9499999999999984,5.9499999999999984,5.9499999999999984,5.9499999999999984,5.9499999999999984,5.9499999999999984,5.9499999999999984,5.9499999999999984,5.9499999999999984,5.9499999999999984,5.9499999999999984,5.9499999999999984,5.9499999999999984,5.9499999999999984,5.9499999999999984,5.9499999999999984,5.9499999999999984,5.9499999999999984,5.9499999999999984,5.9499999999999984,5.9499999999999984,5.9499999999999984,5.9499999999999984,5.9499999999999984,5.9499999999999984,5.9499999999999984,5.9499999999999984,5.9499999999999984,5.9499999999999984,5.9499999999999984,5.9499999999999984]
[null,null,null,{"$f":"D21 +$D$6","v":5.7999999999999989},5.7999999999999989,5.7999999999999989,5.7999999999999989,5.7999999999999989,5.7999999999999989,5.7999999999999989,5.7999999999999989,5.7999999999999989,5.7999999999999989,5.7999999999999989,5.7999999999999989,5.7999999999999989,5.7999999999999989,5.7999999999999989,5.7999999999999989,5.7999999999999989,5.7999999999999989,5.7999999999999989,5.7999999999999989,5.7999999999999989,5.7999999999999989,5.7999999999999989,5.7999999999999989,5.7999999999999989,5.7999999999999989,5.7999999999999989,5.7999999999999989,5.7999999999999989,5.7999999999999989,5.7999999999999989,5.7999999999999989,5.7999999999999989,5.7999999999999989,5.7999999999999989,5.7999999999999989,5.7999999999999989,5.7999999999999989,5.7999999999999989,5.7999999999999989,5.7999999999999989,5.7999999999999989,5.7999999999999989,5.7999999999999989,5.7999999999999989,5.7999999999999989,5.7999999999999989,5.7999999999999989,5.7999999999999989,5.7999999999999989,5.7999999999999989,5.7999999999999989,5.7999999999999989,5.7999999999999989,5.7999999999999989,5.7999999999999989,5.7999999999999989,5.7999999999999989,5.7999999999999989,5.7999999999999989,5.7999999999999989,5.7999999999999989,5.7999999999999989]
[null,null,null,null,{"$f":"$D19-$D$6*0.5","v":5.6499999999999986},5.6499999999999986,5.6499999999999986,5.6499999999999986,5.6499999999999986,5.6499999999999986,5.6499999999999986,5.6499999999999986,5.6499999999999986,5.6499999999999986,5.6499999999999986,5.6499999999999986,5.6499999999999986,5.6499999999999986,5.6499999999999986,5.6499999999999986,5.6499999999999986,5.6499999999999986,5.6499999999999986,5.6499999999999986,5.6499999999999986,5.6499999999999986,5.6499999999999986,5.6499999999999986,5.6499999999999986,5.6499999999999986,5.6499999999999986,5.6499999999999986,5.6499999999999986,5.6499999999999986,5.6499999999999986,5.6499999999999986,5.6499999999999986,5.6499999999999986,5.6499999999999986,5.6499999999999986,5.6499999999999986,5.6499999999999986,5.6499999999999986,5.6499999999999986,5.6499999999999986,5.6499999999999986,5.6499999999999986,5.6499999999999986,5.6499999999999986,5.6499999999999986,5.6499999999999986,5.6499999999999986,5.6499999999999986,5.6499999999999986,5.6499999999999986,5.6499999999999986,5.6499999999999986,5.6499999999999986,5.6499999999999986,5.6499999999999986,5.6499999999999986,5.6499999999999986,5.6499999999999986,5.6499999999999986,5.6499999999999986,5.6499999999999986]
[null,null,null,{"$f":"D23 +$D$6","v":5.4999999999999991},5.4999999999999991,5.4999999999999991,5.4999999999999991,5.4999999999999991,5.4999999999999991,5.4999999999999991,5.4999999999999991,5.4999999999999991,5.4999999999999991,5.4999999999999991,5.4999999999999991,5.4999999999999991,5.4999999999999991,5.4999999999999991,5.4999999999999991,5.4999999999999991,5.4999999999999991,5.4999999999999991,5.4999999999999991,5.4999999999999991,5.4999999999999991,5.4999999999999991,5.4999999999999991,5.4999999999999991,5.4999999999999991,5.4999999999999991,5.4999999999999991,5.4999999999999991,5.4999999999999991,5.4999999999999991,5.4999999999999991,5.4999999999999991,5.4999999999999991,5.4999999999999991,5.4999999999999991,5.4999999999999991,5.4999999999999991,5.4999999999999991,5.4999999999999991,5.4999999999999991,5.4999999999999991,5.4999999999999991,5.4999999999999991,5.4999999999999991,5.4999999999999991,5.4999999999999991,5.4999999999999991,5.4999999999999991,5.4999999999999991,5.4999999999999991,5.4999999999999991,5.4999999999999991,5.4999999999999991,5.4999999999999991,5.4999999999999991,5.4999999999999991,5.4999999999999991,5.4999999999999991,5.4999999999999991,5.4999999999999991,5.4999999999999991,5.4999999999999991]
[null,null,null,null,{"$f":"$D21-$D$6*0.5","v":5.3499999999999988},5.3499999999999988,5.3499999999999988,5.3499999999999988,5.3499999999999988,5.3499999999999988,5.3499999999999988,5.3499999999999988,5.3499999999999988,5.3499999999999988,5.3499999999999988,5.3499999999999988,5.3499999999999988,5.3499999999999988,5.3499999999999988,5.3499999999999988,5.3499999999999988,5.3499999999999988,5.3499999999999988,5.3499999999999988,5.3499999999999988,5.3499999999999988,5.3499999999999988,5.3499999999999988,5.3499999999999988,5.3499999999999988,5.3499999999999988,5.3499999999999988,5.3499999999999988,5.3499999999999988,5.3499999999999988,5.3499999999999988,5.3499999999999988,5.3499999999999988,5.3499999999999988,5.3499999999999988,5.3499999999999988,5.3499999999999988,5.3499999999999988,5.3499999999999988,5.3499999999999988,5.3499999999999988,5.3499999999999988,5.3499999999999988,5.3499999999999988,5.3499999999999988,5.3499999999999988,5.3499999999999988,5.3499999999999988,5.3499999999999988,5.3499999999999988,5.3499999999999988,5.3499999999999988,5.3499999999999988,5.3499999999999988,5.3499999999999988,5.3499999999999988,5.3499999999999988,5.3499999999999988,5.3499999999999988,5.3499999999999988,5.3499999999999988]
[null,null,null,{"$f":"D25 +$D$6","v":5.1999999999999993},5.1999999999999993,5.1999999999999993,5.1999999999999993,5.1999999999999993,5.1999999999999993,5.1999999999999993,5.1999999999999993,5.1999999999999993,5.1999999999999993,5.1999999999999993,5.1999999999999993,5.1999999999999993,5.1999999999999993,5.1999999999999993,5.1999999999999993,5.1999999999999993,5.1999999999999993,5.1999999999999993,5.1999999999999993,5.1999999999999993,5.1999999999999993,5.1999999999999993,5.1999999999999993,5.1999999999999993,5.1999999999999993,5.1999999999999993,5.1999999999999993,5.1999999999999993,5.1999999999999993,5.1999999999999993,5.1999999999999993,5.1999999999999993,5.1999999999999993,5.1999999999999993,5.1999999999999993,5.1999999999999993,5.1999999999999993,5.1999999999999993,{"$f":"$D23","v":5.1999999999999993},5.1999999999999993,5.1999999999999993,5.1999999999999993,5.1999999999999993,5.1999999999999993,5.1999999999999993,5.1999999999999993,5.1999999999999993,5.1999999999999993,5.1999999999999993,5.1999999999999993,5.1999999999999993,5.1999999999999993,5.1999999999999993,5.1999999999999993,5.1999999999999993,5.1999999999999993,5.1999999999999993,5.1999999999999993,5.1999999999999993,5.1999999999999993,5.1999999999999993,5.1999999999999993]
[null,null,null,null,{"$f":"$D23-$D$6*0.5","v":5.0499999999999989},5.0499999999999989,5.0499999999999989,5.0499999999999989,5.0499999999999989,5.0499999999999989,5.0499999999999989,5.0499999999999989,5.0499999999999989,5.0499999999999989,5.0499999999999989,5.0499999999999989,5.0499999999999989,5.0499999999999989,5.0499999999999989,5.0499999999999989,5.0499999999999989,5.0499999999999989,5.0499999999999989,5.0499999999999989,5.0499999999999989,5.0499999999999989,5.0499999999999989,5.0499999999999989,5.0499999999999989,5.0499999999999989,5.0499999999999989,5.0499999999999989,5.0499999999999989,5.0499999999999989,5.0499999999999989,5.0499999999999989,5.0499999999999989,5.0499999999999989,5.0499999999999989,5.0499999999999989,5.0499999999999989,5.0499999999999989,5.0499999999999989,5.0499999999999989,5.0499999999999989,5.0499999999999989,5.0499999999999989,5.0499999999999989,5.0499999999999989,5.0499999999999989,5.0499999999999989,5.0499999999999989,5.0499999999999989,5.0499999999999989,5.0499999999999989,5.0499999999999989,5.0499999999999989,5.0499999999999989,5.0499999999999989,5.0499999999999989,5.0499999999999989,5.0499999999999989,5.0499999999999989,5.0499999999999989,5.0499999999999989,5.0499999999999989]
[null,null,null,{"$f":"D27 +$D$6","v":4.8999999999999995},4.8999999999999995,4.8999999999999995,4.8999999999999995,4.8999999999999995,4.8999999999999995,4.8999999999999995,4.8999999999999995,4.8999999999999995,4.8999999999999995,4.8999999999999995,4.8999999999999995,4.8999999999999995,4.8999999999999995,4.8999999999999995,4.8999999999999995,4.8999999999999995,4.8999999999999995,4.8999999999999995,4.8999999999999995,4.8999999999999995,4.8999999999999995,4.8999999999999995,4.8999999999999995,4.8999999999999995,4.8999999999999995,4.8999999999999995,4.8999999999999995,4.8999999999999995,4.8999999999999995,4.8999999999999995,4.8999999999999995,4.8999999999999995,4.8999999999999995,4.8999999999999995,4.8999999999999995,4.8999999999999995,4.8999999999999995,4.8999999999999995,4.8999999999999995,4.8999999999999995,4.8999999999999995,4.8999999999999995,4.8999999999999995,4.8999999999999995,4.8999999999999995,4.8999999999999995,4.8999999999999995,4.8999999999999995,4.8999999999999995,4.8999999999999995,4.8999999999999995,4.8999999999999995,4.8999999999999995,4.8999999999999995,4.8999999999999995,4.8999999999999995,4.8999999999999995,4.8999999999999995,4.8999999999999995,4.8999999999999995,4.8999999999999995,4.8999999999999995]
[null,null,null,null,{"$f":"$D25-$D$6*0.5","v":4.7499999999999991},4.7499999999999991,4.7499999999999991,4.7499999999999991,4.7499999999999991,4.7499999999999991,4.7499999999999991,4.7499999999999991,4.7499999999999991,4.7499999999999991,4.7499999999999991,4.7499999999999991,4.7499999999999991,4.7499999999999991,4.7499999999999991,4.7499999999999991,4.7499999999999991,4.7499999999999991,4.7499999999999991,4.7499999999999991,4.7499999999999991,4.7499999999999991,4.7499999999999991,4.7499999999999991,4.7499999999999991,4.7499999999999991,4.7499999999999991,4.7499999999999991,4.7499999999999991,4.7499999999999991,4.7499999999999991,4.7499999999999991,4.7499999999999991,4.7499999999999991,4.7499999999999991,4.7499999999999991,4.7499999999999991,4.7499999999999991,4.7499999999999991,4.7499999999999991,4.7499999999999991,4.7499999999999991,4.7499999999999991,4.7499999999999991,4.7499999999999991,4.7499999999999991,4.7499999999999991,4.7499999999999991,4.7499999999999991,4.7499999999999991,4.7499999999999991,4.7499999999999991,4.7499999999999991,4.7499999999999991,4.7499999999999991,4.7499999999999991,4.7499999999999991,4.7499999999999991,4.7499999999999991,4.7499999999999991,4.7499999999999991,4.7499999999999991]
[null,null,null,{"$f":"D29 +$D$6","v":4.5999999999999996},4.5999999999999996,4.5999999999999996,4.5999999999999996,4.5999999999999996,4.5999999999999996,4.5999999999999996,4.5999999999999996,4.5999999999999996,4.5999999999999996,4.5999999999999996,4.5999999999999996,4.5999999999999996,4.5999999999999996,4.5999999999999996,4.5999999999999996,4.5999999999999996,4.5999999999999996,4.5999999999999996,4.5999999999999996,4.5999999999999996,4.5999999999999996,4.5999999999999996,4.5999999999999996,4.5999999999999996,4.5999999999999996,4.5999999999999996,4.5999999999999996,4.5999999999999996,4.5999999999999996,4.5999999999999996,4.5999999999999996,4.5999999999999996,4.5999999999999996,4.5999999999999996,4.5999999999999996,4.5999999999999996,4.5999999999999996,4.5999999999999996,4.5999999999999996,4.5999999999999996,4.5999999999999996,4.5999999999999996,4.5999999999999996,4.5999999999999996,4.5999999999999996,4.5999999999999996,4.5999999999999996,4.5999999999999996,4.5999999999999996,4.5999999999999996,4.5999999999999996,4.5999999999999996,4.5999999999999996,4.5999999999999996,4.5999999999999996,4.5999999999999996,4.5999999999999996,4.5999999999999996,4.5999999999999996,4.5999999999999996,4.5999999999999996,4.5999999999999996]
[null,null,null,null,{"$f":"$D27-$D$6*0.5","v":4.4499999999999993},4.4499999999999993,4.4499999999999993,4.4499999999999993,4.4499999999999993,4.4499999999999993,4.4499999999999993,4.4499999999999993,4.4499999999999993,4.4499999999999993,4.4499999999999993,4.4499999999999993,4.4499999999999993,4.4499999999999993,4.4499999999999993,4.4499999999999993,4.4499999999999993,4.4499999999999993,4.4499999999999993,4.4499999999999993,4.4499999999999993,4.4499999999999993,4.4499999999999993,4.4499999999999993,4.4499999999999993,4.4499999999999993,4.4499999999999993,4.4499999999999993,4.4499999999999993,4.4499999999999993,4.4499999999999993,4.4499999999999993,4.4499999999999993,4.4499999999999993,4.4499999999999993,4.4499999999999993,4.4499999999999993,4.4499999999999993,4.4499999999999993,4.4499999999999993,4.4499999999999993,4.4499999999999993,4.4499999999999993,4.4499999999999993,4.4499999999999993,4.4499999999999993,4.4499999999999993,4.4499999999999993,4.4499999999999993,4.4499999999999993,4.4499999999999993,4.4499999999999993,4.4499999999999993,4.4499999999999993,4.4499999999999993,4.4499999999999993,4.4499999999999993,4.4499999999999993,4.4499999999999993,4.4499999999999993,4.4499999999999993,4.4499999999999993]
[null,null,null,{"$f":"D31 +$D$6","v":4.3},4.3,4.3,4.3,4.3,4.3,4.3,4.3,4.3,4.3,4.3,4.3,4.3,4.3,4.3,4.3,4.3,4.3,4.3,4.3,4.3,4.3,4.3,4.3,4.3,4.3,4.3,4.3,4.3,4.3,4.3,4.3,4.3,4.3,4.3,4.3,4.3,4.3,4.3,4.3,4.3,4.3,4.3,4.3,4.3,4.3,4.3,4.3,4.3,4.3,4.3,4.3,4.3,4.3,4.3,4.3,4.3,4.3,4.3,4.3,4.3,4.3,4.3]
[null,null,null,null,{"$f":"$D29-$D$6*0.5","v":4.1499999999999995},4.1499999999999995,4.1499999999999995,4.1499999999999995,4.1499999999999995,4.1499999999999995,4.1499999999999995,4.1499999999999995,4.1499999999999995,4.1499999999999995,4.1499999999999995,4.1499999999999995,4.1499999999999995,4.1499999999999995,4.1499999999999995,4.1499999999999995,4.1499999999999995,4.1499999999999995,4.1499999999999995,4.1499999999999995,4.1499999999999995,4.1499999999999995,4.1499999999999995,4.1499999999999995,4.1499999999999995,4.1499999999999995,4.1499999999999995,4.1499999999999995,4.1499999999999995,4.1499999999999995,4.1499999999999995,4.1499999999999995,4.1499999999999995,4.1499999999999995,4.1499999999999995,4.1499999999999995,4.1499999999999995,4.1499999999999995,4.1499999999999995,4.1499999999999995,4.1499999999999995,4.1499999999999995,4.1499999999999995,4.1499999999999995,4.1499999999999995,4.1499999999999995,4.1499999999999995,4.1499999999999995,4.1499999999999995,4.1499999999999995,4.1499999999999995,4.1499999999999995,4.1499999999999995,4.1499999999999995,4.1499999999999995,4.1499999999999995,4.1499999999999995,4.1499999999999995,4.1499999999999995,4.1499999999999995,4.1499999999999995,4.1499999999999995]
[null,null,null,{"$f":"D33 +$D$6","v":4},4,4,4,4,4,4,4,4,4,4,4,4,4,4,4,4,4,4,4,4,4,4,4,4,4,4,4,4,4,4,4,4,4,4,4,4,4,4,4,4,4,4,4,4,4,4,4,4,4,{"$f":"$D31","v":4},4,4,4,4,4,4,4,4,4,4,4,4]
[null,null,null,null,{"$f":"$D31-$D$6*0.5","v":3.85},{"$f":"$D31-$D$6*0.5","v":3.85},3.85,3.85,3.85,3.85,3.85,3.85,3.85,3.85,3.85,3.85,3.85,3.85,3.85,3.85,3.85,3.85,3.85,3.85,3.85,3.85,3.85,3.85,3.85,3.85,3.85,3.85,3.85,3.85,3.85,3.85,3.85,3.85,3.85,3.85,3.85,3.85,3.85,3.85,3.85,3.85,3.85,3.85,3.85,3.85,3.85,3.85,3.85,3.85,3.85,3.85,3.85,3.85,3.85,3.85,3.85,3.85,3.85,3.85,3.85,3.85]
[null,null,null,{"$f":"AN6","v":3.7},3.7,3.7,3.7,3.7,3.7,3.7,3.7,3.7,3.7,3.7,3.7,3.7,3.7,3.7,3.7,3.7,3.7,3.7,3.7,3.7,3.7,3.7,3.7,3.7,3.7,3.7,3.7,3.7,3.7,3.7,3.7,3.7,3.7,3.7,3.7,3.7,3.7,3.7,3.7,3.7,3.7,3.7,3.7,3.7,3.7,3.7,3.7,3.7,3.7,3.7,3.7,3.7,3.7,3.7,3.7,3.7,3.7,3.7,3.7,3.7,3.7,3.7]
[null,null,null,null,{"$f":"$D33-$D$6*0.5","v":3.5500000000000003},3.5500000000000003,3.5500000000000003,3.5500000000000003,3.5500000000000003,3.5500000000000003,3.5500000000000003,3.5500000000000003,3.5500000000000003,3.5500000000000003,3.5500000000000003,3.5500000000000003,3.5500000000000003,3.5500000000000003,3.5500000000000003,3.5500000000000003,3.5500000000000003,3.5500000000000003,3.5500000000000003,3.5500000000000003,3.5500000000000003,3.5500000000000003,3.5500000000000003,3.5500000000000003,3.5500000000000003,3.5500000000000003,3.5500000000000003,3.5500000000000003,3.5500000000000003,3.5500000000000003,3.5500000000000003,3.5500000000000003,3.5500000000000003,3.5500000000000003,3.5500000000000003,3.5500000000000003,3.5500000000000003,3.5500000000000003,3.5500000000000003,3.5500000000000003,3.5500000000000003,3.5500000000000003,3.5500000000000003,3.5500000000000003,3.5500000000000003,3.5500000000000003,3.5500000000000003,3.5500000000000003,3.5500000000000003,3.5500000000000003,3.5500000000000003,3.5500000000000003,3.5500000000000003,3.5500000000000003,3.5500000000000003,3.5500000000000003,3.5500000000000003,3.5500000000000003,3.5500000000000003,3.5500000000000003,3.5500000000000003,3.5500000000000003]
[null,null,null,{"$f":"D33 -$D$6","v":3.4000000000000004},{"$f":"$D35","v":3.4000000000000004},3.4000000000000004,3.4000000000000004,3.4000000000000004,3.4000000000000004,3.4000000000000004,3.4000000000000004,3.4000000000000004,3.4000000000000004,3.4000000000000004,3.4000000000000004,3.4000000000000004,3.4000000000000004,3.4000000000000004,3.4000000000000004,3.4000000000000004,{"$f":"$D35","v":3.4000000000000004},3.4000000000000004,3.4000000000000004,3.4000000000000004,3.4000000000000004,3.4000000000000004,3.4000000000000004,3.4000000000000004,3.4000000000000004,3.4000000000000004,3.4000000000000004,3.4000000000000004,3.4000000000000004,3.4000000000000004,3.4000000000000004,3.4000000000000004,3.4000000000000004,3.4000000000000004,3.4000000000000004,3.4000000000000004,3.4000000000000004,3.4000000000000004,3.4000000000000004,3.4000000000000004,3.4000000000000004,3.4000000000000004,3.4000000000000004,3.4000000000000004,3.4000000000000004,3.4000000000000004,3.4000000000000004,3.4000000000000004,3.4000000000000004,3.4000000000000004,3.4000000000000004,3.4000000000000004,3.4000000000000004,3.4000000000000004,3.4000000000000004,3.4000000000000004,3.4000000000000004,3.4000000000000004,3.4000000000000004,3.4000000000000004,3.4000000000000004,3.4000000000000004]
[null,null,null,null,{"$f":"$D35-$D$6*0.5","v":3.2500000000000004},3.2500000000000004,3.2500000000000004,3.2500000000000004,3.2500000000000004,3.2500000000000004,3.2500000000000004,3.2500000000000004,3.2500000000000004,3.2500000000000004,3.2500000000000004,3.2500000000000004,3.2500000000000004,3.2500000000000004,3.2500000000000004,3.2500000000000004,3.2500000000000004,3.2500000000000004,3.2500000000000004,3.2500000000000004,3.2500000000000004,3.2500000000000004,3.2500000000000004,3.2500000000000004,3.2500000000000004,3.2500000000000004,3.2500000000000004,3.2500000000000004,3.2500000000000004,3.2500000000000004,3.2500000000000004,3.2500000000000004,3.2500000000000004,3.2500000000000004,3.2500000000000004,3.2500000000000004,3.2500000000000004,3.2500000000000004,3.2500000000000004,3.2500000000000004,3.2500000000000004,3.2500000000000004,3.2500000000000004,3.2500000000000004,3.2500000000000004,3.2500000000000004,3.2500000000000004,3.2500000000000004,3.2500000000000004,3.2500000000000004,3.2500000000000004,3.2500000000000004,3.2500000000000004,3.2500000000000004,3.2500000000000004,3.2500000000000004,3.2500000000000004,3.2500000000000004,3.2500000000000004,3.2500000000000004,3.2500000000000004,3.2500000000000004]
[null,null,null,{"$f":"D35 -$D$6","v":3.1000000000000005},{"$f":"$D37","v":3.1000000000000005},3.1000000000000005,3.1000000000000005,3.1000000000000005,3.1000000000000005,3.1000000000000005,3.1000000000000005,3.1000000000000005,3.1000000000000005,3.1000000000000005,3.1000000000000005,3.1000000000000005,3.1000000000000005,3.1000000000000005,3.1000000000000005,3.1000000000000005,{"$f":"$D37","v":3.1000000000000005},3.1000000000000005,3.1000000000000005,3.1000000000000005,3.1000000000000005,3.1000000000000005,3.1000000000000005,3.1000000000000005,3.1000000000000005,3.1000000000000005,3.1000000000000005,3.1000000000000005,3.1000000000000005,3.1000000000000005,3.1000000000000005,3.1000000000000005,3.1000000000000005,3.1000000000000005,3.1000000000000005,3.1000000000000005,3.1000000000000005,3.1000000000000005,3.1000000000000005,3.1000000000000005,3.1000000000000005,3.1000000000000005,3.1000000000000005,3.1000000000000005,3.1000000000000005,3.1000000000000005,3.1000000000000005,3.1000000000000005,3.1000000000000005,3.1000000000000005,3.1000000000000005,3.1000000000000005,3.1000000000000005,3.1000000000000005,3.1000000000000005,3.1000000000000005,3.1000000000000005,3.1000000000000005,3.1000000000000005,3.1000000000000005,3.1000000000000005,3.1000000000000005]
[null,null,null,null,{"$f":"$D37-$D$6*0.5","v":2.9500000000000006},2.9500000000000006,2.9500000000000006,2.9500000000000006,2.9500000000000006,2.9500000000000006,2.9500000000000006,2.9500000000000006,2.9500000000000006,2.9500000000000006,2.9500000000000006,2.9500000000000006,2.9500000000000006,2.9500000000000006,2.9500000000000006,2.9500000000000006,2.9500000000000006,2.9500000000000006,2.9500000000000006,2.9500000000000006,2.9500000000000006,2.9500000000000006,2.9500000000000006,2.9500000000000006,2.9500000000000006,2.9500000000000006,2.9500000000000006,2.9500000000000006,2.9500000000000006,2.9500000000000006,2.9500000000000006,2.9500000000000006,2.9500000000000006,2.9500000000000006,2.9500000000000006,2.9500000000000006,2.9500000000000006,2.9500000000000006,2.9500000000000006,2.9500000000000006,2.9500000000000006,2.9500000000000006,2.9500000000000006,2.9500000000000006,2.9500000000000006,2.9500000000000006,2.9500000000000006,2.9500000000000006,2.9500000000000006,2.9500000000000006,2.9500000000000006,2.9500000000000006,2.9500000000000006,2.9500000000000006,2.9500000000000006,2.9500000000000006,2.9500000000000006,2.9500000000000006,2.9500000000000006,2.9500000000000006,2.9500000000000006,2.9500000000000006]
[null,null,null,{"$f":"D37 -$D$6","v":2.8000000000000007},{"$f":"$D39","v":2.8000000000000007},2.8000000000000007,2.8000000000000007,2.8000000000000007,2.8000000000000007,2.8000000000000007,2.8000000000000007,2.8000000000000007,2.8000000000000007,2.8000000000000007,2.8000000000000007,2.8000000000000007,2.8000000000000007,2.8000000000000007,2.8000000000000007,2.8000000000000007,{"$f":"$D39","v":2.8000000000000007},2.8000000000000007,2.8000000000000007,2.8000000000000007,2.8000000000000007,2.8000000000000007,2.8000000000000007,2.8000000000000007,2.8000000000000007,2.8000000000000007,2.8000000000000007,2.8000000000000007,2.8000000000000007,2.8000000000000007,2.8000000000000007,2.8000000000000007,2.8000000000000007,2.8000000000000007,2.8000000000000007,2.8000000000000007,2.8000000000000007,2.8000000000000007,2.8000000000000007,2.8000000000000007,2.8000000000000007,2.8000000000000007,2.8000000000000007,2.8000000000000007,2.8000000000000007,2.8000000000000007,2.8000000000000007,2.8000000000000007,2.8000000000000007,2.8000000000000007,2.8000000000000007,2.8000000000000007,2.8000000000000007,2.8000000000000007,2.8000000000000007,2.8000000000000007,2.8000000000000007,2.8000000000000007,2.8000000000000007,2.8000000000000007,2.8000000000000007,2.8000000000000007]
[null,null,null,null,{"$f":"$D39-$D$6*0.5","v":2.6500000000000008},2.6500000000000008,2.6500000000000008,2.6500000000000008,2.6500000000000008,2.6500000000000008,2.6500000000000008,2.6500000000000008,2.6500000000000008,2.6500000000000008,2.6500000000000008,2.6500000000000008,2.6500000000000008,2.6500000000000008,2.6500000000000008,2.6500000000000008,2.6500000000000008,2.6500000000000008,2.6500000000000008,2.6500000000000008,2.6500000000000008,2.6500000000000008,2.6500000000000008,2.6500000000000008,2.6500000000000008,2.6500000000000008,2.6500000000000008,2.6500000000000008,2.6500000000000008,2.6500000000000008,2.6500000000000008,2.6500000000000008,2.6500000000000008,2.6500000000000008,2.6500000000000008,2.6500000000000008,2.6500000000000008,2.6500000000000008,2.6500000000000008,2.6500000000000008,2.6500000000000008,2.6500000000000008,2.6500000000000008,2.6500000000000008,2.6500000000000008,2.6500000000000008,2.6500000000000008,2.6500000000000008,2.6500000000000008,2.6500000000000008,2.6500000000000008,2.6500000000000008,2.6500000000000008,2.6500000000000008,2.6500000000000008,2.6500000000000008,2.6500000000000008,2.6500000000000008,2.6500000000000008,2.6500000000000008,2.6500000000000008,2.6500000000000008]
[null,null,null,{"$f":"D39 -$D$6","v":2.5000000000000009},{"$f":"$D41","v":2.5000000000000009},2.5000000000000009,2.5000000000000009,2.5000000000000009,2.5000000000000009,2.5000000000000009,2.5000000000000009,2.5000000000000009,2.5000000000000009,2.5000000000000009,2.5000000000000009,2.5000000000000009,2.5000000000000009,2.5000000000000009,2.5000000000000009,2.5000000000000009,{"$f":"$D41","v":2.5000000000000009},2.5000000000000009,2.5000000000000009,2.5000000000000009,2.5000000000000009,2.5000000000000009,2.5000000000000009,2.5000000000000009,2.5000000000000009,2.5000000000000009,2.5000000000000009,2.5000000000000009,2.5000000000000009,2.5000000000000009,2.5000000000000009,2.5000000000000009,2.5000000000000009,2.5000000000000009,2.5000000000000009,2.5000000000000009,2.5000000000000009,2.5000000000000009,2.5000000000000009,2.5000000000000009,2.5000000000000009,2.5000000000000009,2.5000000000000009,2.5000000000000009,2.5000000000000009,2.5000000000000009,2.5000000000000009,2.5000000000000009,2.5000000000000009,2.5000000000000009,2.5000000000000009,2.5000000000000009,2.5000000000000009,2.5000000000000009,2.5000000000000009,2.5000000000000009,2.5000000000000009,2.5000000000000009,2.5000000000000009,2.5000000000000009,2.5000000000000009,2.5000000000000009]
[null,null,null,null,{"$f":"$D41-$D$6*0.5","v":2.350000000000001},2.350000000000001,2.350000000000001,2.350000000000001,2.350000000000001,2.350000000000001,2.350000000000001,2.350000000000001,2.350000000000001,2.350000000000001,2.350000000000001,2.350000000000001,2.350000000000001,2.350000000000001,2.350000000000001,2.350000000000001,2.350000000000001,2.350000000000001,2.350000000000001,2.350000000000001,2.350000000000001,2.350000000000001,2.350000000000001,2.350000000000001,2.350000000000001,2.350000000000001,2.350000000000001,2.350000000000001,2.350000000000001,2.350000000000001,2.350000000000001,2.350000000000001,2.350000000000001,2.350000000000001,2.350000000000001,2.350000000000001,2.350000000000001,2.350000000000001,2.350000000000001,2.350000000000001,2.350000000000001,2.350000000000001,2.350000000000001,2.350000000000001,2.350000000000001,2.350000000000001,2.350000000000001,2.350000000000001,2.350000000000001,2.350000000000001,2.350000000000001,2.350000000000001,2.350000000000001,2.350000000000001,2.350000000000001,2.350000000000001,2.350000000000001,2.350000000000001,2.350000000000001,2.350000000000001,2.350000000000001,2.350000000000001]
[null,null,null,{"$f":"D41 -$D$6","v":2.2000000000000011},{"$f":"$D43","v":2.2000000000000011},2.2000000000000011,2.2000000000000011,2.2000000000000011,2.2000000000000011,2.2000000000000011,2.2000000000000011,2.2000000000000011,2.2000000000000011,2.2000000000000011,2.2000000000000011,2.2000000000000011,2.2000000000000011,2.2000000000000011,2.2000000000000011,2.2000000000000011,{"$f":"$D43","v":2.2000000000000011},2.2000000000000011,2.2000000000000011,2.2000000000000011,2.2000000000000011,2.2000000000000011,2.2000000000000011,2.2000000000000011,2.2000000000000011,2.2000000000000011,2.2000000000000011,2.2000000000000011,2.2000000000000011,2.2000000000000011,2.2000000000000011,2.2000000000000011,2.2000000000000011,2.2000000000000011,2.2000000000000011,2.2000000000000011,2.2000000000000011,2.2000000000000011,2.2000000000000011,2.2000000000000011,2.2000000000000011,2.2000000000000011,2.2000000000000011,2.2000000000000011,2.2000000000000011,2.2000000000000011,2.2000000000000011,2.2000000000000011,2.2000000000000011,2.2000000000000011,2.2000000000000011,2.2000000000000011,2.2000000000000011,2.2000000000000011,2.2000000000000011,2.2000000000000011,2.2000000000000011,2.2000000000000011,2.2000000000000011,2.2000000000000011,2.2000000000000011,2.2000000000000011]
[null,null,null,null,{"$f":"$D43-$D$6*0.5","v":2.0500000000000012},2.0500000000000012,2.0500000000000012,2.0500000000000012,2.0500000000000012,2.0500000000000012,2.0500000000000012,2.0500000000000012,2.0500000000000012,2.0500000000000012,2.0500000000000012,2.0500000000000012,2.0500000000000012,2.0500000000000012,2.0500000000000012,2.0500000000000012,2.0500000000000012,2.0500000000000012,2.0500000000000012,2.0500000000000012,2.0500000000000012,2.0500000000000012,2.0500000000000012,2.0500000000000012,2.0500000000000012,2.0500000000000012,2.0500000000000012,2.0500000000000012,2.0500000000000012,2.0500000000000012,2.0500000000000012,2.0500000000000012,2.0500000000000012,2.0500000000000012,2.0500000000000012,2.0500000000000012,2.0500000000000012,2.0500000000000012,2.0500000000000012,2.0500000000000012,2.0500000000000012,2.0500000000000012,2.0500000000000012,2.0500000000000012,2.0500000000000012,2.0500000000000012,2.0500000000000012,2.0500000000000012,2.0500000000000012,2.0500000000000012,2.0500000000000012,2.0500000000000012,2.0500000000000012,2.0500000000000012,2.0500000000000012,2.0500000000000012,2.0500000000000012,2.0500000000000012,2.0500000000000012,2.0500000000000012,2.0500000000000012,2.0500000000000012]
[null,null,null,{"$f":"D43 -$D$6","v":1.900000000000001},{"$f":"$D45","v":1.900000000000001},1.900000000000001,1.900000000000001,1.900000000000001,1.900000000000001,1.900000000000001,1.900000000000001,1.900000000000001,1.900000000000001,1.900000000000001,1.900000000000001,1.900000000000001,1.900000000000001,1.900000000000001,1.900000000000001,1.900000000000001,{"$f":"$D45","v":1.900000000000001},1.900000000000001,1.900000000000001,1.900000000000001,1.900000000000001,1.900000000000001,1.900000000000001,1.900000000000001,1.900000000000001,1.900000000000001,1.900000000000001,1.900000000000001,1.900000000000001,1.900000000000001,1.900000000000001,1.900000000000001,1.900000000000001,1.900000000000001,1.900000000000001,1.900000000000001,1.900000000000001,1.900000000000001,1.900000000000001,1.900000000000001,1.900000000000001,1.900000000000001,1.900000000000001,1.900000000000001,1.900000000000001,1.900000000000001,1.900000000000001,1.900000000000001,1.900000000000001,1.900000000000001,1.900000000000001,1.900000000000001,1.900000000000001,1.900000000000001,1.900000000000001,1.900000000000001,1.900000000000001,1.900000000000001,1.900000000000001,1.900000000000001,1.900000000000001,1.900000000000001]
[null,null,null,null,{"$f":"$D45-$D$6*0.5","v":1.7500000000000009},1.7500000000000009,1.7500000000000009,1.7500000000000009,1.7500000000000009,1.7500000000000009,1.7500000000000009,1.7500000000000009,1.7500000000000009,1.7500000000000009,1.7500000000000009,1.7500000000000009,1.7500000000000009,1.7500000000000009,1.7500000000000009,1.7500000000000009,1.7500000000000009,1.7500000000000009,1.7500000000000009,1.7500000000000009,1.7500000000000009,1.7500000000000009,1.7500000000000009,1.7500000000000009,1.7500000000000009,1.7500000000000009,1.7500000000000009,1.7500000000000009,1.7500000000000009,1.7500000000000009,1.7500000000000009,1.7500000000000009,1.7500000000000009,1.7500000000000009,1.7500000000000009,1.7500000000000009,1.7500000000000009,1.7500000000000009,1.7500000000000009,1.7500000000000009,1.7500000000000009,1.7500000000000009,1.7500000000000009,1.7500000000000009,1.7500000000000009,1.7500000000000009,1.7500000000000009,1.7500000000000009,1.7500000000000009,1.7500000000000009,1.7500000000000009,1.7500000000000009,1.7500000000000009,1.7500000000000009,1.7500000000000009,1.7500000000000009,1.7500000000000009,1.7500000000000009,1.7500000000000009,1.7500000000000009,1.7500000000000009,1.7500000000000009]
[null,null,null,{"$f":"D45 -$D$6","v":1.600000000000001},{"$f":"$D47","v":1.600000000000001},1.600000000000001,1.600000000000001,1.600000000000001,1.600000000000001,1.600000000000001,1.600000000000001,1.600000000000001,1.600000000000001,1.600000000000001,1.600000000000001,1.600000000000001,1.600000000000001,1.600000000000001,1.600000000000001,1.600000000000001,{"$f":"$D47","v":1.600000000000001},1.600000000000001,1.600000000000001,1.600000000000001,1.600000000000001,1.600000000000001,1.600000000000001,1.600000000000001,1.600000000000001,1.600000000000001,1.600000000000001,1.600000000000001,1.600000000000001,1.600000000000001,1.600000000000001,1.600000000000001,1.600000000000001,1.600000000000001,1.600000000000001,1.600000000000001,1.600000000000001,1.600000000000001,1.600000000000001,1.600000000000001,1.600000000000001,1.600000000000001,1.600000000000001,1.600000000000001,1.600000000000001,1.600000000000001,1.600000000000001,1.600000000000001,1.600000000000001,1.600000000000001,1.600000000000001,1.600000000000001,1.600000000000001,1.600000000000001,1.600000000000001,1.600000000000001,1.600000000000001,1.600000000000001,1.600000000000001,1.600000000000001,1.600000000000001,1.600000000000001]
[null,null,null,null,{"$f":"$D47-$D$6*0.5","v":1.4500000000000011},1.4500000000000011,1.4500000000000011,1.4500000000000011,1.4500000000000011,1.4500000000000011,1.4500000000000011,1.4500000000000011,1.4500000000000011,1.4500000000000011,1.4500000000000011,1.4500000000000011,1.4500000000000011,1.4500000000000011,1.4500000000000011,1.4500000000000011,1.4500000000000011,1.4500000000000011,1.4500000000000011,1.4500000000000011,1.4500000000000011,1.4500000000000011,1.4500000000000011,1.4500000000000011,1.4500000000000011,1.4500000000000011,1.4500000000000011,1.4500000000000011,1.4500000000000011,1.4500000000000011,1.4500000000000011,1.4500000000000011,1.4500000000000011,1.4500000000000011,1.4500000000000011,1.4500000000000011,1.4500000000000011,1.4500000000000011,1.4500000000000011,1.4500000000000011,1.4500000000000011,1.4500000000000011,1.4500000000000011,1.4500000000000011,1.4500000000000011,1.4500000000000011,1.4500000000000011,1.4500000000000011,1.4500000000000011,1.4500000000000011,1.4500000000000011,1.4500000000000011,1.4500000000000011,1.4500000000000011,1.4500000000000011,1.4500000000000011,1.4500000000000011,1.4500000000000011,1.4500000000000011,1.4500000000000011,1.4500000000000011,1.4500000000000011]
[null,null,null,{"$f":"D47 -$D$6","v":1.3000000000000009},{"$f":"$D49","v":1.3000000000000009},1.3000000000000009,1.3000000000000009,1.3000000000000009,1.3000000000000009,1.3000000000000009,1.3000000000000009,1.3000000000000009,1.3000000000000009,1.3000000000000009,1.3000000000000009,1.3000000000000009,1.3000000000000009,1.3000000000000009,1.3000000000000009,1.3000000000000009,{"$f":"$D49","v":1.3000000000000009},1.3000000000000009,1.3000000000000009,1.3000000000000009,1.3000000000000009,1.3000000000000009,1.3000000000000009,1.3000000000000009,1.3000000000000009,1.3000000000000009,1.3000000000000009,1.3000000000000009,1.3000000000000009,1.3000000000000009,1.3000000000000009,1.3000000000000009,1.3000000000000009,1.3000000000000009,1.3000000000000009,1.3000000000000009,1.3000000000000009,1.3000000000000009,1.3000000000000009,1.3000000000000009,1.3000000000000009,1.3000000000000009,1.3000000000000009,1.3000000000000009,1.3000000000000009,1.3000000000000009,1.3000000000000009,1.3000000000000009,1.3000000000000009,1.3000000000000009,1.3000000000000009,1.3000000000000009,1.3000000000000009,1.3000000000000009,1.3000000000000009,1.3000000000000009,1.3000000000000009,1.3000000000000009,1.3000000000000009,1.3000000000000009,1.3000000000000009,1.3000000000000009]
[null,null,null,null,{"$f":"$D49-$D$6*0.5","v":1.1500000000000008},1.1500000000000008,1.1500000000000008,1.1500000000000008,1.1500000000000008,1.1500000000000008,1.1500000000000008,1.1500000000000008,1.1500000000000008,1.1500000000000008,1.1500000000000008,1.1500000000000008,1.1500000000000008,1.1500000000000008,1.1500000000000008,1.1500000000000008,1.1500000000000008,1.1500000000000008,1.1500000000000008,1.1500000000000008,1.1500000000000008,1.1500000000000008,1.1500000000000008,1.1500000000000008,1.1500000000000008,1.1500000000000008,1.1500000000000008,1.1500000000000008,1.1500000000000008,1.1500000000000008,1.1500000000000008,1.1500000000000008,1.1500000000000008,1.1500000000000008,1.1500000000000008,1.1500000000000008,1.1500000000000008,1.1500000000000008,1.1500000000000008,1.1500000000000008,1.1500000000000008,1.1500000000000008,1.1500000000000008,1.1500000000000008,1.1500000000000008,1.1500000000000008,1.1500000000000008,1.1500000000000008,1.1500000000000008,1.1500000000000008,1.1500000000000008,1.1500000000000008,1.1500000000000008,1.1500000000000008,1.1500000000000008,1.1500000000000008,1.1500000000000008,1.1500000000000008,1.1500000000000008,1.1500000000000008,1.1500000000000008,1.1500000000000008]
[null,null,null,{"$f":"D49 -$D$6","v":1.0000000000000009},{"$f":"$D51","v":1.0000000000000009},1.0000000000000009,1.0000000000000009,1.0000000000000009,1.0000000000000009,1.0000000000000009,1.0000000000000009,1.0000000000000009,1.0000000000000009,1.0000000000000009,1.0000000000000009,1.0000000000000009,1.0000000000000009,1.0000000000000009,1.0000000000000009,1.0000000000000009,{"$f":"$D51","v":1.0000000000000009},1.0000000000000009,1.0000000000000009,1.0000000000000009,1.0000000000000009,1.0000000000000009,1.0000000000000009,1.0000000000000009,1.0000000000000009,1.0000000000000009,1.0000000000000009,1.0000000000000009,1.0000000000000009,1.0000000000000009,1.0000000000000009,1.0000000000000009,1.0000000000000009,1.0000000000000009,1.0000000000000009,1.0000000000000009,1.0000000000000009,1.0000000000000009,1.0000000000000009,1.0000000000000009,1.0000000000000009,1.0000000000000009,1.0000000000000009,1.0000000000000009,1.0000000000000009,1.0000000000000009,1.0000000000000009,1.0000000000000009,1.0000000000000009,1.0000000000000009,1.0000000000000009,1.0000000000000009,1.0000000000000009,1.0000000000000009,1.0000000000000009,1.0000000000000009,1.0000000000000009,1.0000000000000009,1.0000000000000009,1.0000000000000009,1.0000000000000009,1.0000000000000009]
[null,null,null,null,{"$f":"$D51-$D$6*0.5","v":0.85000000000000087},0.85000000000000087,0.85000000000000087,0.85000000000000087,0.85000000000000087,0.85000000000000087,0.85000000000000087,0.85000000000000087,0.85000000000000087,0.85000000000000087,0.85000000000000087,0.85000000000000087,0.85000000000000087,0.85000000000000087,0.85000000000000087,0.85000000000000087,0.85000000000000087,0.85000000000000087,0.85000000000000087,0.85000000000000087,0.85000000000000087,0.85000000000000087,0.85000000000000087,0.85000000000000087,0.85000000000000087,0.85000000000000087,0.85000000000000087,0.85000000000000087,0.85000000000000087,0.85000000000000087,0.85000000000000087,0.85000000000000087,0.85000000000000087,0.85000000000000087,0.85000000000000087,0.85000000000000087,0.85000000000000087,0.85000000000000087,0.85000000000000087,0.85000000000000087,0.85000000000000087,0.85000000000000087,0.85000000000000087,0.85000000000000087,0.85000000000000087,0.85000000000000087,0.85000000000000087,0.85000000000000087,0.85000000000000087,0.85000000000000087,0.85000000000000087,0.85000000000000087,0.85000000000000087,0.85000000000000087,0.85000000000000087,0.85000000000000087,0.85000000000000087,0.85000000000000087,0.85000000000000087,0.85000000000000087,0.85000000000000087,0.85000000000000087]
[null,null,null,{"$f":"D51 -$D$6","v":0.70000000000000084},{"$f":"$D53","v":0.70000000000000084},0.70000000000000084,0.70000000000000084,0.70000000000000084,0.70000000000000084,0.70000000000000084,0.70000000000000084,0.70000000000000084,0.70000000000000084,0.70000000000000084,0.70000000000000084,0.70000000000000084,0.70000000000000084,0.70000000000000084,0.70000000000000084,0.70000000000000084,{"$f":"$D53","v":0.70000000000000084},0.70000000000000084,0.70000000000000084,0.70000000000000084,0.70000000000000084,0.70000000000000084,0.70000000000000084,0.70000000000000084,0.70000000000000084,0.70000000000000084,0.70000000000000084,0.70000000000000084,0.70000000000000084,0.70000000000000084,0.70000000000000084,0.70000000000000084,0.70000000000000084,0.70000000000000084,0.70000000000000084,0.70000000000000084,0.70000000000000084,0.70000000000000084,0.70000000000000084,0.70000000000000084,0.70000000000000084,0.70000000000000084,0.70000000000000084,0.70000000000000084,0.70000000000000084,0.70000000000000084,0.70000000000000084,0.70000000000000084,0.70000000000000084,0.70000000000000084,0.70000000000000084,0.70000000000000084,0.70000000000000084,0.70000000000000084,0.70000000000000084,0.70000000000000084,0.70000000000000084,0.70000000000000084,0.70000000000000084,0.70000000000000084,0.70000000000000084,0.70000000000000084]
[null,null,null,null,{"$f":"$D53-$D$6*0.5","v":0.55000000000000082},0.55000000000000082,0.55000000000000082,0.55000000000000082,0.55000000000000082,0.55000000000000082,0.55000000000000082,0.55000000000000082,0.55000000000000082,0.55000000000000082,0.55000000000000082,0.55000000000000082,0.55000000000000082,0.55000000000000082,0.55000000000000082,0.55000000000000082,0.55000000000000082,0.55000000000000082,0.55000000000000082,0.55000000000000082,0.55000000000000082,0.55000000000000082,0.55000000000000082,0.55000000000000082,0.55000000000000082,0.55000000000000082,0.55000000000000082,0.55000000000000082,0.55000000000000082,0.55000000000000082,0.55000000000000082,0.55000000000000082,0.55000000000000082,0.55000000000000082,0.55000000000000082,0.55000000000000082,0.55000000000000082,0.55000000000000082,0.55000000000000082,0.55000000000000082,0.55000000000000082,0.55000000000000082,0.55000000000000082,0.55000000000000082,0.55000000000000082,0.55000000000000082,0.55000000000000082,0.55000000000000082,0.55000000000000082,0.55000000000000082,0.55000000000000082,0.55000000000000082,0.55000000000000082,0.55000000000000082,0.55000000000000082,0.55000000000000082,0.55000000000000082,0.55000000000000082,0.55000000000000082,0.55000000000000082,0.55000000000000082,0.55000000000000082]
[null,null,null,{"$f":"D53 -$D$6","v":0.4000000000000008},{"$f":"$D55","v":0.4000000000000008},0.4000000000000008,0.4000000000000008,0.4000000000000008,0.4000000000000008,0.4000000000000008,0.4000000000000008,0.4000000000000008,0.4000000000000008,0.4000000000000008,0.4000000000000008,0.4000000000000008,0.4000000000000008,0.4000000000000008,0.4000000000000008,0.4000000000000008,{"$f":"$D55","v":0.4000000000000008},0.4000000000000008,0.4000000000000008,0.4000000000000008,0.4000000000000008,0.4000000000000008,0.4000000000000008,0.4000000000000008,0.4000000000000008,0.4000000000000008,0.4000000000000008,0.4000000000000008,0.4000000000000008,0.4000000000000008,0.4000000000000008,0.4000000000000008,0.4000000000000008,0.4000000000000008,0.4000000000000008,0.4000000000000008,0.4000000000000008,0.4000000000000008,0.4000000000000008,0.4000000000000008,0.4000000000000008,0.4000000000000008,0.4000000000000008,0.4000000000000008,0.4000000000000008,0.4000000000000008,0.4000000000000008,0.4000000000000008,0.4000000000000008,0.4000000000000008,0.4000000000000008,0.4000000000000008,0.4000000000000008,0.4000000000000008,0.4000000000000008,0.4000000000000008,0.4000000000000008,0.4000000000000008,0.4000000000000008,0.4000000000000008,0.4000000000000008,0.4000000000000008]
[null,null,null,null,{"$f":"$D55-$D$6*0.5","v":0.25000000000000078},0.25000000000000078,0.25000000000000078,0.25000000000000078,0.25000000000000078,0.25000000000000078,0.25000000000000078,0.25000000000000078,0.25000000000000078,0.25000000000000078,0.25000000000000078,0.25000000000000078,0.25000000000000078,0.25000000000000078,0.25000000000000078,0.25000000000000078,0.25000000000000078,0.25000000000000078,0.25000000000000078,0.25000000000000078,0.25000000000000078,0.25000000000000078,0.25000000000000078,0.25000000000000078,0.25000000000000078,0.25000000000000078,0.25000000000000078,0.25000000000000078,0.25000000000000078,0.25000000000000078,0.25000000000000078,0.25000000000000078,0.25000000000000078,0.25000000000000078,0.25000000000000078,0.25000000000000078,0.25000000000000078,0.25000000000000078,0.25000000000000078,0.25000000000000078,0.25000000000000078,0.25000000000000078,0.25000000000000078,0.25000000000000078,0.25000000000000078,0.25000000000000078,0.25000000000000078,0.25000000000000078,0.25000000000000078,0.25000000000000078,0.25000000000000078,0.25000000000000078,0.25000000000000078,0.25000000000000078,0.25000000000000078,0.25000000000000078,0.25000000000000078,0.25000000000000078,0.25000000000000078,0.25000000000000078,0.25000000000000078,0.25000000000000078]
[null,null,null,{"$f":"D55 -$D$6","v":0.10000000000000075},{"$f":"$D57","v":0.10000000000000075},{"$f":"$D57","v":0.10000000000000075},0.10000000000000075,0.10000000000000075,0.10000000000000075,0.10000000000000075,0.10000000000000075,0.10000000000000075,0.10000000000000075,0.10000000000000075,0.10000000000000075,0.10000000000000075,0.10000000000000075,0.10000000000000075,0.10000000000000075,0.10000000000000075,0.10000000000000075,0.10000000000000075,0.10000000000000075,0.10000000000000075,0.10000000000000075,0.10000000000000075,0.10000000000000075,0.10000000000000075,0.10000000000000075,0.10000000000000075,0.10000000000000075,0.10000000000000075,0.10000000000000075,0.10000000000000075,0.10000000000000075,0.10000000000000075,0.10000000000000075,0.10000000000000075,0.10000000000000075,0.10000000000000075,0.10000000000000075,0.10000000000000075,0.10000000000000075,0.10000000000000075,0.10000000000000075,0.10000000000000075,0.10000000000000075,0.10000000000000075,0.10000000000000075,0.10000000000000075,0.10000000000000075,0.10000000000000075,0.10000000000000075,0.10000000000000075,0.10000000000000075,0.10000000000000075,0.10000000000000075,0.10000000000000075,0.10000000000000075,0.10000000000000075,0.10000000000000075,0.10000000000000075,0.10000000000000075,0.10000000000000075,0.10000000000000075,0.10000000000000075]
[null,null,null,null,{"$f":"$D57-$D$6*0.5","v":-4.9999999999999267E-2},-4.9999999999999267E-2,-4.9999999999999267E-2,-4.9999999999999267E-2,-4.9999999999999267E-2,-4.9999999999999267E-2,-4.9999999999999267E-2,-4.9999999999999267E-2,-4.9999999999999267E-2,-4.9999999999999267E-2,-4.9999999999999267E-2,-4.9999999999999267E-2,-4.9999999999999267E-2,-4.9999999999999267E-2,-4.9999999999999267E-2,-4.9999999999999267E-2,-4.9999999999999267E-2,-4.9999999999999267E-2,-4.9999999999999267E-2,-4.9999999999999267E-2,-4.9999999999999267E-2,-4.9999999999999267E-2,-4.9999999999999267E-2,-4.9999999999999267E-2,-4.9999999999999267E-2,-4.9999999999999267E-2,-4.9999999999999267E-2,-4.9999999999999267E-2,-4.9999999999999267E-2,-4.9999999999999267E-2,-4.9999999999999267E-2,-4.9999999999999267E-2,-4.9999999999999267E-2,-4.9999999999999267E-2,-4.9999999999999267E-2,-4.9999999999999267E-2,-4.9999999999999267E-2,-4.9999999999999267E-2,-4.9999999999999267E-2,-4.9999999999999267E-2,-4.9999999999999267E-2,-4.9999999999999267E-2,-4.9999999999999267E-2,-4.9999999999999267E-2,-4.9999999999999267E-2,-4.9999999999999267E-2,-4.9999999999999267E-2,-4.9999999999999267E-2,-4.9999999999999267E-2,-4.9999999999999267E-2,-4.9999999999999267E-2,-4.9999999999999267E-2,-4.9999999999999267E-2,-4.9999999999999267E-2,-4.9999999999999267E-2,-4.9999999999999267E-2,-4.9999999999999267E-2,-4.9999999999999267E-2,-4.9999999999999267E-2,-4.9999999999999267E-2,-4.9999999999999267E-2,-4.9999999999999267E-2]
[null,null,null,{"$f":"D57 -$D$6","v":-0.19999999999999929},{"$f":"$D59","v":-0.19999999999999929},{"$f":"$D59","v":-0.19999999999999929},-0.19999999999999929,-0.19999999999999929,-0.19999999999999929,-0.19999999999999929,-0.19999999999999929,-0.19999999999999929,-0.19999999999999929,-0.19999999999999929,-0.19999999999999929,-0.19999999999999929,-0.19999999999999929,-0.19999999999999929,-0.19999999999999929,-0.19999999999999929,-0.19999999999999929,-0.19999999999999929,-0.19999999999999929,-0.19999999999999929,-0.19999999999999929,-0.19999999999999929,-0.19999999999999929,-0.19999999999999929,-0.19999999999999929,-0.19999999999999929,-0.19999999999999929,-0.19999999999999929,-0.19999999999999929,-0.19999999999999929,-0.19999999999999929,-0.19999999999999929,-0.19999999999999929,-0.19999999999999929,-0.19999999999999929,-0.19999999999999929,-0.19999999999999929,-0.19999999999999929,-0.19999999999999929,-0.19999999999999929,-0.19999999999999929,-0.19999999999999929,-0.19999999999999929,-0.19999999999999929,-0.19999999999999929,-0.19999999999999929,-0.19999999999999929,-0.19999999999999929,-0.19999999999999929,-0.19999999999999929,-0.19999999999999929,-0.19999999999999929,-0.19999999999999929,-0.19999999999999929,-0.19999999999999929,-0.19999999999999929,-0.19999999999999929,-0.19999999999999929,-0.19999999999999929,-0.19999999999999929,-0.19999999999999929,-0.19999999999999929]
[null,null,null,null,{"$f":"$D59-$D$6*0.5","v":-0.34999999999999931},-0.34999999999999931,-0.34999999999999931,-0.34999999999999931,-0.34999999999999931,-0.34999999999999931,-0.34999999999999931,-0.34999999999999931,-0.34999999999999931,-0.34999999999999931,-0.34999999999999931,-0.34999999999999931,-0.34999999999999931,-0.34999999999999931,-0.34999999999999931,-0.34999999999999931,-0.34999999999999931,-0.34999999999999931,-0.34999999999999931,-0.34999999999999931,-0.34999999999999931,-0.34999999999999931,-0.34999999999999931,-0.34999999999999931,-0.34999999999999931,-0.34999999999999931,-0.34999999999999931,-0.34999999999999931,-0.34999999999999931,-0.34999999999999931,-0.34999999999999931,-0.34999999999999931,-0.34999999999999931,-0.34999999999999931,-0.34999999999999931,-0.34999999999999931,-0.34999999999999931,-0.34999999999999931,-0.34999999999999931,-0.34999999999999931,-0.34999999999999931,-0.34999999999999931,-0.34999999999999931,-0.34999999999999931,-0.34999999999999931,-0.34999999999999931,-0.34999999999999931,-0.34999999999999931,-0.34999999999999931,-0.34999999999999931,-0.34999999999999931,-0.34999999999999931,-0.34999999999999931,-0.34999999999999931,-0.34999999999999931,-0.34999999999999931,-0.34999999999999931,-0.34999999999999931,-0.34999999999999931,-0.34999999999999931,-0.34999999999999931,-0.34999999999999931]
[null,"Day",null,null,1,2,3,4,5,6,7,8,9,10,11,12,13,14,15,16,17,18,19,20,21,22,23,24,25,26,27,28,29,30,31,1,2,3,4,5,6,7,8,9,10,11,12,13,14,15,16,17,18,19,20,21,22,23,24,25,26,27,28,29,30,31]
[null,"Month"]
[null,"Audit"]
[]
[null,"©2014-2025 Master Fluid Solutions    |    Because conditions of use are beyond our control, no guarantee, representation, or warranty expressed or implied is made. Consult Master Chemical Corporation for further information or appropriate operating ranges.    |    Updated: 2025-05-07"]

{"sheet":"Makeup","index":2,"n_rows":65,"n_cols":66,"rows_kept":65,"cut":false,"hidden":false,"merged":[[0,37,0,50],[1,37,1,50],[0,7,3,33],[62,42,62,49],[62,50,62,57],[5,43,5,44],[5,45,5,65],[4,37,4,38],[4,39,4,42],[4,43,4,44],[4,45,4,65],[5,39,5,42],[4,27,4,36],[2,48,2,64],[3,37,3,38],[3,39,3,42],[61,35,61,65],[44,3,45,3],[46,3,47,3],[48,3,49,3],[50,3,51,3],[52,3,53,3],[54,3,55,3],[56,3,57,3],[58,3,59,3],[60,1,60,3],[61,1,61,3],[61,4,61,34],[6,1,59,2],[6,3,7,3],[8,3,9,3],[10,3,11,3],[64,1,64,65],[62,1,62,3],[62,4,62,10],[62,11,62,18],[62,19,62,26],[62,27,62,34],[62,35,62,41],[62,58,62,65],[63,1,63,66],[12,3,13,3],[14,3,15,3],[16,3,17,3],[18,3,19,3],[42,3,43,3],[20,3,21,3],[22,3,23,3],[24,3,25,3],[26,3,27,3],[28,3,29,3],[30,3,31,3],[32,3,33,3],[34,3,35,3],[36,3,37,3],[38,3,39,3],[40,3,41,3],[5,1,5,2],[5,4,5,22],[5,23,5,25],[5,27,5,36],[5,37,5,38],[3,43,3,44],[3,48,3,64],[4,1,4,4],[4,5,4,16],[4,18,4,20],[4,21,4,22],[4,23,4,26]]}
[null,null,null,null,null,null,null,"TRIM® RUN CHART",null,null,null,null,null,null,null,null,null,null,null,null,null,null,null,null,null,null,null,null,null,null,null,null,null,null,null,null,null,"Techline Assistance: 800-537-3365"]
[null,null,null,null,null,null,null,null,null,null,null,null,null,null,null,null,null,null,null,null,null,null,null,null,null,null,null,null,null,null,null,null,null,null,null,null,null,"info@masterchemical.com"]
[]
[null,null,null,null,null,null,null,null,null,null,null,null,null,null,null,null,null,null,null,null,null,null,null,null,null,null,null,null,null,null,null,null,null,null,null,null,null,"Min",null,"Target",null,null,null,"Max"]
[null," Product:",null,null,null,"TRIM® HyperSol™ 888NXT",null,null,null,null,null,null,null,null,null,null,null,null,"Brix:",null,null,{"$f":"VLOOKUP($F$5, 'Math-DO-NOT-Delete'!$A$2:$G$50,2,FALSE)","v":"2.2"},null,"Makeup",null,null,null,"Percent Concentration:",null,null,null,null,null,null,null,null,null,{"$f":"VLOOKUP($F$5, 'Math-DO-NOT-Delete'!$A$2:$G$50,5, FALSE)*$X6","v":2},null,{"$f":"VLOOKUP($F$5, 'Math-DO-NOT-Delete'!$A$2:$G$50,6, FALSE)*$X6","v":3.2},null,null,null,{"$f":"VLOOKUP($F$5, 'Math-DO-NOT-Delete'!$A$2:$G$50,7, FALSE)*$X6","v":4.8000000000000007},null," Company:"]
[null,"Step:",null,{"$f":"ROUNDUP((($AR$6-$AL$6)*'Math-DO-NOT-Delete'!I2)/'Math-DO-NOT-Delete'!I3,1)","v":0.1}," Check Refractometer Reading and Top Off Daily",null,null,null,null,null,null,null,null,null,null,null,null,null,null,null,null,null,null,0.4,null,null,null,"Refractometer Reading:",null,null,null,null,null,null,null,null,null,{"$f":"AL5/$V5","v":0.90909090909090906},null,{"$f":"ROUNDUP((AN5/$V5),1)","v":1.5},null,null,null,{"$f":"AR5/$V5","v":2.1818181818181821},null," Machine:"]
[null,null,null,{"$f":"D9 +$D$6","v":2.8000000000000012},{"$f":"$D7","v":2.8000000000000012},2.8000000000000012,2.8000000000000012,2.8000000000000012,2.8000000000000012,2.8000000000000012,2.8000000000000012,2.8000000000000012,2.8000000000000012,2.8000000000000012,2.8000000000000012,2.8000000000000012,2.8000000000000012,2.8000000000000012,2.8000000000000012,2.8000000000000012,{"$f":"$D7","v":2.8000000000000012},2.8000000000000012,2.8000000000000012,2.8000000000000012,2.8000000000000012,2.8000000000000012,2.8000000000000012,2.8000000000000012,2.8000000000000012,2.8000000000000012,2.8000000000000012,2.8000000000000012,2.8000000000000012,2.8000000000000012,2.8000000000000012,2.8000000000000012,2.8000000000000012,2.8000000000000012,2.8000000000000012,2.8000000000000012,2.8000000000000012,2.8000000000000012,2.8000000000000012,2.8000000000000012,2.8000000000000012,2.8000000000000012,2.8000000000000012,2.8000000000000012,2.8000000000000012,2.8000000000000012,2.8000000000000012,2.8000000000000012,2.8000000000000012,2.8000000000000012,2.8000000000000012,2.8000000000000012,2.8000000000000012,2.8000000000000012,2.8000000000000012,2.8000000000000012,2.8000000000000012,2.8000000000000012,2.8000000000000012,2.8000000000000012,2.8000000000000012,2.8000000000000012]
[null,null,null,null,{"$f":"$D7-$D$6*0.5","v":2.7500000000000013},2.7500000000000013,2.7500000000000013,2.7500000000000013,2.7500000000000013,2.7500000000000013,2.7500000000000013,2.7500000000000013,2.7500000000000013,2.7500000000000013,2.7500000000000013,2.7500000000000013,2.7500000000000013,2.7500000000000013,2.7500000000000013,2.7500000000000013,2.7500000000000013,2.7500000000000013,2.7500000000000013,2.7500000000000013,2.7500000000000013,2.7500000000000013,2.7500000000000013,2.7500000000000013,2.7500000000000013,2.7500000000000013,2.7500000000000013,2.7500000000000013,2.7500000000000013,2.7500000000000013,2.7500000000000013,2.7500000000000013,2.7500000000000013,2.7500000000000013,2.7500000000000013,2.7500000000000013,2.7500000000000013,2.7500000000000013,2.7500000000000013,2.7500000000000013,2.7500000000000013,2.7500000000000013,2.7500000000000013,2.7500000000000013,2.7500000000000013,2.7500000000000013,2.7500000000000013,2.7500000000000013,2.7500000000000013,2.7500000000000013,2.7500000000000013,2.7500000000000013,2.7500000000000013,2.7500000000000013,2.7500000000000013,2.7500000000000013,2.7500000000000013,2.7500000000000013,2.7500000000000013,2.7500000000000013,2.7500000000000013,2.7500000000000013]
[null,null,null,{"$f":"D11 +$D$6","v":2.7000000000000011},2.7000000000000011,2.7000000000000011,2.7000000000000011,2.7000000000000011,2.7000000000000011,2.7000000000000011,2.7000000000000011,2.7000000000000011,2.7000000000000011,2.7000000000000011,2.7000000000000011,2.7000000000000011,2.7000000000000011,2.7000000000000011,2.7000000000000011,2.7000000000000011,{"$f":"$D9","v":2.7000000000000011},2.7000000000000011,2.7000000000000011,2.7000000000000011,2.7000000000000011,2.7000000000000011,2.7000000000000011,2.7000000000000011,2.7000000000000011,2.7000000000000011,2.7000000000000011,2.7000000000000011,2.7000000000000011,2.7000000000000011,2.7000000000000011,2.7000000000000011,2.7000000000000011,2.7000000000000011,2.7000000000000011,2.7000000000000011,2.7000000000000011,2.7000000000000011,2.7000000000000011,2.7000000000000011,2.7000000000000011,2.7000000000000011,2.7000000000000011,2.7000000000000011,2.7000000000000011,2.7000000000000011,2.7000000000000011,2.7000000000000011,2.7000000000000011,2.7000000000000011,2.7000000000000011,2.7000000000000011,2.7000000000000011,2.7000000000000011,2.7000000000000011,2.7000000000000011,2.7000000000000011,2.7000000000000011,2.7000000000000011,2.7000000000000011,2.7000000000000011,2.7000000000000011]
[null,null,null,null,{"$f":"$D9-$D$6*0.5","v":2.6500000000000012},2.6500000000000012,2.6500000000000012,2.6500000000000012,2.6500000000000012,2.6500000000000012,2.6500000000000012,2.6500000000000012,2.6500000000000012,2.6500000000000012,2.6500000000000012,2.6500000000000012,2.6500000000000012,2.6500000000000012,2.6500000000000012,2.6500000000000012,2.6500000000000012,2.6500000000000012,2.6500000000000012,2.6500000000000012,2.6500000000000012,2.6500000000000012,2.6500000000000012,2.6500000000000012,2.6500000000000012,2.6500000000000012,2.6500000000000012,2.6500000000000012,2.6500000000000012,2.6500000000000012,2.6500000000000012,2.6500000000000012,2.6500000000000012,2.6500000000000012,2.6500000000000012,2.6500000000000012,2.6500000000000012,2.6500000000000012,2.6500000000000012,2.6500000000000012,2.6500000000000012,2.6500000000000012,2.6500000000000012,2.6500000000000012,2.6500000000000012,2.6500000000000012,2.6500000000000012,2.6500000000000012,2.6500000000000012,2.6500000000000012,2.6500000000000012,2.6500000000000012,2.6500000000000012,2.6500000000000012,2.6500000000000012,2.6500000000000012,2.6500000000000012,2.6500000000000012,2.6500000000000012,2.6500000000000012,2.6500000000000012,2.6500000000000012]
[null,null,null,{"$f":"D13 +$D$6","v":2.600000000000001},2.600000000000001,2.600000000000001,2.600000000000001,2.600000000000001,2.600000000000001,2.600000000000001,2.600000000000001,2.600000000000001,2.600000000000001,2.600000000000001,2.600000000000001,2.600000000000001,2.600000000000001,2.600000000000001,2.600000000000001,2.600000000000001,{"$f":"$D11","v":2.600000000000001},2.600000000000001,2.600000000000001,2.600000000000001,2.600000000000001,2.600000000000001,2.600000000000001,2.600000000000001,2.600000000000001,2.600000000000001,2.600000000000001,2.600000000000001,2.600000000000001,2.600000000000001,2.600000000000001,2.600000000000001,2.600000000000001,2.600000000000001,2.600000000000001,2.600000000000001,2.600000000000001,2.600000000000001,2.600000000000001,2.600000000000001,2.600000000000001,2.600000000000001,2.600000000000001,2.600000000000001,2.600000000000001,2.600000000000001,2.600000000000001,2.600000000000001,2.600000000000001,2.600000000000001,2.600000000000001,2.600000000000001,2.600000000000001,2.600000000000001,2.600000000000001,2.600000000000001,2.600000000000001,2.600000000000001,2.600000000000001,2.600000000000001,2.600000000000001,2.600000000000001]
[null,null,null,null,{"$f":"$D11-$D$6*0.5","v":2.5500000000000012},2.5500000000000012,2.5500000000000012,2.5500000000000012,2.5500000000000012,2.5500000000000012,2.5500000000000012,2.5500000000000012,2.5500000000000012,2.5500000000000012,2.5500000000000012,2.5500000000000012,2.5500000000000012,2.5500000000000012,2.5500000000000012,2.5500000000000012,2.5500000000000012,2.5500000000000012,2.5500000000000012,2.5500000000000012,2.5500000000000012,2.5500000000000012,2.5500000000000012,2.5500000000000012,2.5500000000000012,2.5500000000000012,2.5500000000000012,2.5500000000000012,2.5500000000000012,2.5500000000000012,2.5500000000000012,2.5500000000000012,2.5500000000000012,2.5500000000000012,2.5500000000000012,2.5500000000000012,2.5500000000000012,2.5500000000000012,2.5500000000000012,2.5500000000000012,2.5500000000000012,2.5500000000000012,2.5500000000000012,2.5500000000000012,2.5500000000000012,2.5500000000000012,2.5500000000000012,2.5500000000000012,2.5500000000000012,2.5500000000000012,2.5500000000000012,2.5500000000000012,2.5500000000000012,2.5500000000000012,2.5500000000000012,2.5500000000000012,2.5500000000000012,2.5500000000000012,2.5500000000000012,2.5500000000000012,2.5500000000000012,2.5500000000000012]
[null,null,null,{"$f":"D15 +$D$6","v":2.5000000000000009},2.5000000000000009,2.5000000000000009,2.5000000000000009,2.5000000000000009,2.5000000000000009,2.5000000000000009,2.5000000000000009,2.5000000000000009,2.5000000000000009,2.5000000000000009,2.5000000000000009,2.5000000000000009,2.5000000000000009,2.5000000000000009,2.5000000000000009,2.5000000000000009,{"$f":"$D13","v":2.5000000000000009},2.5000000000000009,2.5000000000000009,2.5000000000000009,2.5000000000000009,2.5000000000000009,2.5000000000000009,2.5000000000000009,2.5000000000000009,2.5000000000000009,2.5000000000000009,2.5000000000000009,2.5000000000000009,2.5000000000000009,2.5000000000000009,2.5000000000000009,2.5000000000000009,2.5000000000000009,2.5000000000000009,2.5000000000000009,2.5000000000000009,2.5000000000000009,2.5000000000000009,2.5000000000000009,2.5000000000000009,2.5000000000000009,2.5000000000000009,2.5000000000000009,2.5000000000000009,2.5000000000000009,2.5000000000000009,2.5000000000000009,2.5000000000000009,2.5000000000000009,2.5000000000000009,2.5000000000000009,2.5000000000000009,2.5000000000000009,2.5000000000000009,2.5000000000000009,2.5000000000000009,2.5000000000000009,2.5000000000000009,2.5000000000000009,2.5000000000000009,2.5000000000000009]
[null,null,null,null,{"$f":"$D13-$D$6*0.5","v":2.4500000000000011},2.4500000000000011,2.4500000000000011,2.4500000000000011,2.4500000000000011,2.4500000000000011,2.4500000000000011,2.4500000000000011,2.4500000000000011,2.4500000000000011,2.4500000000000011,2.4500000000000011,2.4500000000000011,2.4500000000000011,2.4500000000000011,2.4500000000000011,2.4500000000000011,2.4500000000000011,2.4500000000000011,2.4500000000000011,2.4500000000000011,2.4500000000000011,2.4500000000000011,2.4500000000000011,2.4500000000000011,2.4500000000000011,2.4500000000000011,2.4500000000000011,2.4500000000000011,2.4500000000000011,2.4500000000000011,2.4500000000000011,2.4500000000000011,2.4500000000000011,2.4500000000000011,2.4500000000000011,2.4500000000000011,2.4500000000000011,2.4500000000000011,2.4500000000000011,2.4500000000000011,2.4500000000000011,2.4500000000000011,2.4500000000000011,2.4500000000000011,2.4500000000000011,2.4500000000000011,2.4500000000000011,2.4500000000000011,2.4500000000000011,2.4500000000000011,2.4500000000000011,2.4500000000000011,2.4500000000000011,2.4500000000000011,2.4500000000000011,2.4500000000000011,2.4500000000000011,2.4500000000000011,2.4500000000000011,2.4500000000000011,2.4500000000000011]
[null,null,null,{"$f":"D17 +$D$6","v":2.4000000000000008},2.4000000000000008,2.4000000000000008,2.4000000000000008,2.4000000000000008,2.4000000000000008,2.4000000000000008,2.4000000000000008,2.4000000000000008,2.4000000000000008,2.4000000000000008,2.4000000000000008,2.4000000000000008,2.4000000000000008,2.4000000000000008,2.4000000000000008,2.4000000000000008,{"$f":"$D15","v":2.4000000000000008},2.4000000000000008,2.4000000000000008,2.4000000000000008,2.4000000000000008,2.4000000000000008,2.4000000000000008,2.4000000000000008,2.4000000000000008,2.4000000000000008,2.4000000000000008,2.4000000000000008,2.4000000000000008,2.4000000000000008,2.4000000000000008,2.4000000000000008,2.4000000000000008,2.4000000000000008,2.4000000000000008,2.4000000000000008,2.4000000000000008,2.4000000000000008,2.4000000000000008,2.4000000000000008,2.4000000000000008,2.4000000000000008,2.4000000000000008,2.4000000000000008,2.4000000000000008,2.4000000000000008,2.4000000000000008,2.4000000000000008,2.4000000000000008,2.4000000000000008,2.4000000000000008,2.4000000000000008,2.4000000000000008,2.4000000000000008,2.4000000000000008,2.4000000000000008,2.4000000000000008,2.4000000000000008,2.4000000000000008,2.4000000000000008,2.4000000000000008,2.4000000000000008]
[null,null,null,null,{"$f":"$D15-$D$6*0.5","v":2.350000000000001},2.350000000000001,2.350000000000001,2.350000000000001,2.350000000000001,2.350000000000001,2.350000000000001,2.350000000000001,2.350000000000001,2.350000000000001,2.350000000000001,2.350000000000001,2.350000000000001,2.350000000000001,2.350000000000001,2.350000000000001,2.350000000000001,2.350000000000001,2.350000000000001,2.350000000000001,2.350000000000001,2.350000000000001,2.350000000000001,2.350000000000001,2.350000000000001,2.350000000000001,2.350000000000001,2.350000000000001,2.350000000000001,2.350000000000001,2.350000000000001,2.350000000000001,2.350000000000001,2.350000000000001,2.350000000000001,2.350000000000001,2.350000000000001,2.350000000000001,2.350000000000001,2.350000000000001,2.350000000000001,2.350000000000001,2.350000000000001,2.350000000000001,2.350000000000001,2.350000000000001,2.350000000000001,2.350000000000001,2.350000000000001,2.350000000000001,2.350000000000001,2.350000000000001,2.350000000000001,2.350000000000001,2.350000000000001,2.350000000000001,2.350000000000001,2.350000000000001,2.350000000000001,2.350000000000001,2.350000000000001,2.350000000000001]
[null,null,null,{"$f":"D19 +$D$6","v":2.3000000000000007},2.3000000000000007,2.3000000000000007,2.3000000000000007,2.3000000000000007,2.3000000000000007,2.3000000000000007,2.3000000000000007,2.3000000000000007,2.3000000000000007,2.3000000000000007,2.3000000000000007,2.3000000000000007,2.3000000000000007,2.3000000000000007,2.3000000000000007,2.3000000000000007,{"$f":"$D17","v":2.3000000000000007},2.3000000000000007,2.3000000000000007,2.3000000000000007,2.3000000000000007,2.3000000000000007,2.3000000000000007,2.3000000000000007,2.3000000000000007,2.3000000000000007,2.3000000000000007,2.3000000000000007,2.3000000000000007,2.3000000000000007,2.3000000000000007,2.3000000000000007,2.3000000000000007,2.3000000000000007,2.3000000000000007,2.3000000000000007,2.3000000000000007,2.3000000000000007,2.3000000000000007,2.3000000000000007,2.3000000000000007,2.3000000000000007,2.3000000000000007,2.3000000000000007,2.3000000000000007,2.3000000000000007,2.3000000000000007,2.3000000000000007,2.3000000000000007,2.3000000000000007,2.3000000000000007,2.3000000000000007,2.3000000000000007,2.3000000000000007,2.3000000000000007,2.3000000000000007,2.3000000000000007,2.3000000000000007,2.3000000000000007,2.3000000000000007,2.3000000000000007,2.3000000000000007]
[null,null,null,null,{"$f":"$D17-$D$6*0.5","v":2.2500000000000009},2.2500000000000009,2.2500000000000009,2.2500000000000009,2.2500000000000009,2.2500000000000009,2.2500000000000009,2.2500000000000009,2.2500000000000009,2.2500000000000009,2.2500000000000009,2.2500000000000009,2.2500000000000009,2.2500000000000009,2.2500000000000009,2.2500000000000009,2.2500000000000009,2.2500000000000009,2.2500000000000009,2.2500000000000009,2.2500000000000009,2.2500000000000009,2.2500000000000009,2.2500000000000009,2.2500000000000009,2.2500000000000009,2.2500000000000009,2.2500000000000009,2.2500000000000009,2.2500000000000009,2.2500000000000009,2.2500000000000009,2.2500000000000009,2.2500000000000009,2.2500000000000009,2.2500000000000009,2.2500000000000009,2.2500000000000009,2.2500000000000009,2.2500000000000009,2.2500000000000009,2.2500000000000009,2.2500000000000009,2.2500000000000009,2.2500000000000009,2.2500000000000009,2.2500000000000009,2.2500000000000009,2.2500000000000009,2.2500000000000009,2.2500000000000009,2.2500000000000009,2.2500000000000009,2.2500000000000009,2.2500000000000009,2.2500000000000009,2.2500000000000009,2.2500000000000009,2.2500000000000009,2.2500000000000009,2.2500000000000009,2.2500000000000009]
[null,null,null,{"$f":"D21 +$D$6","v":2.2000000000000006},2.2000000000000006,2.2000000000000006,2.2000000000000006,2.2000000000000006,2.2000000000000006,2.2000000000000006,2.2000000000000006,2.2000000000000006,2.2000000000000006,2.2000000000000006,2.2000000000000006,2.2000000000000006,2.2000000000000006,2.2000000000000006,2.2000000000000006,2.2000000000000006,{"$f":"$D19","v":2.2000000000000006},2.2000000000000006,2.2000000000000006,2.2000000000000006,2.2000000000000006,2.2000000000000006,2.2000000000000006,2.2000000000000006,2.2000000000000006,2.2000000000000006,2.2000000000000006,2.2000000000000006,2.2000000000000006,2.2000000000000006,2.2000000000000006,2.2000000000000006,2.2000000000000006,2.2000000000000006,2.2000000000000006,2.2000000000000006,2.2000000000000006,2.2000000000000006,2.2000000000000006,2.2000000000000006,2.2000000000000006,2.2000000000000006,2.2000000000000006,2.2000000000000006,2.2000000000000006,2.2000000000000006,2.2000000000000006,2.2000000000000006,2.2000000000000006,2.2000000000000006,2.2000000000000006,2.2000000000000006,2.2000000000000006,2.2000000000000006,2.2000000000000006,2.2000000000000006,2.2000000000000006,2.2000000000000006,2.2000000000000006,2.2000000000000006,2.2000000000000006,2.2000000000000006]
[null,null,null,null,{"$f":"$D19-$D$6*0.5","v":2.1500000000000008},2.1500000000000008,2.1500000000000008,2.1500000000000008,2.1500000000000008,2.1500000000000008,2.1500000000000008,2.1500000000000008,2.1500000000000008,2.1500000000000008,2.1500000000000008,2.1500000000000008,2.1500000000000008,2.1500000000000008,2.1500000000000008,2.1500000000000008,2.1500000000000008,2.1500000000000008,2.1500000000000008,2.1500000000000008,2.1500000000000008,2.1500000000000008,2.1500000000000008,2.1500000000000008,2.1500000000000008,2.1500000000000008,2.1500000000000008,2.1500000000000008,2.1500000000000008,2.1500000000000008,2.1500000000000008,2.1500000000000008,2.1500000000000008,2.1500000000000008,2.1500000000000008,2.1500000000000008,2.1500000000000008,2.1500000000000008,2.1500000000000008,2.1500000000000008,2.1500000000000008,2.1500000000000008,2.1500000000000008,2.1500000000000008,2.1500000000000008,2.1500000000000008,2.1500000000000008,2.1500000000000008,2.1500000000000008,2.1500000000000008,2.1500000000000008,2.1500000000000008,2.1500000000000008,2.1500000000000008,2.1500000000000008,2.1500000000000008,2.1500000000000008,2.1500000000000008,2.1500000000000008,2.1500000000000008,2.1500000000000008,2.1500000000000008]
[null,null,null,{"$f":"D23 +$D$6","v":2.1000000000000005},2.1000000000000005,2.1000000000000005,2.1000000000000005,2.1000000000000005,2.1000000000000005,2.1000000000000005,2.1000000000000005,2.1000000000000005,2.1000000000000005,2.1000000000000005,2.1000000000000005,2.1000000000000005,2.1000000000000005,2.1000000000000005,2.1000000000000005,2.1000000000000005,{"$f":"$D21","v":2.1000000000000005},2.1000000000000005,2.1000000000000005,2.1000000000000005,2.1000000000000005,2.1000000000000005,2.1000000000000005,2.1000000000000005,2.1000000000000005,2.1000000000000005,2.1000000000000005,2.1000000000000005,2.1000000000000005,2.1000000000000005,2.1000000000000005,2.1000000000000005,2.1000000000000005,2.1000000000000005,2.1000000000000005,2.1000000000000005,2.1000000000000005,2.1000000000000005,2.1000000000000005,2.1000000000000005,2.1000000000000005,2.1000000000000005,2.1000000000000005,2.1000000000000005,2.1000000000000005,2.1000000000000005,2.1000000000000005,2.1000000000000005,2.1000000000000005,2.1000000000000005,2.1000000000000005,2.1000000000000005,2.1000000000000005,2.1000000000000005,2.1000000000000005,2.1000000000000005,2.1000000000000005,2.1000000000000005,2.1000000000000005,2.1000000000000005,2.1000000000000005,2.1000000000000005]
[null,null,null,null,{"$f":"$D21-$D$6*0.5","v":2.0500000000000007},2.0500000000000007,2.0500000000000007,2.0500000000000007,2.0500000000000007,2.0500000000000007,2.0500000000000007,2.0500000000000007,2.0500000000000007,2.0500000000000007,2.0500000000000007,2.0500000000000007,2.0500000000000007,2.0500000000000007,2.0500000000000007,2.0500000000000007,2.0500000000000007,2.0500000000000007,2.0500000000000007,2.0500000000000007,2.0500000000000007,2.0500000000000007,2.0500000000000007,2.0500000000000007,2.0500000000000007,2.0500000000000007,2.0500000000000007,2.0500000000000007,2.0500000000000007,2.0500000000000007,2.0500000000000007,2.0500000000000007,2.0500000000000007,2.0500000000000007,2.0500000000000007,2.0500000000000007,2.0500000000000007,2.0500000000000007,2.0500000000000007,2.0500000000000007,2.0500000000000007,2.0500000000000007,2.0500000000000007,2.0500000000000007,2.0500000000000007,2.0500000000000007,2.0500000000000007,2.0500000000000007,2.0500000000000007,2.0500000000000007,2.0500000000000007,2.0500000000000007,2.0500000000000007,2.0500000000000007,2.0500000000000007,2.0500000000000007,2.0500000000000007,2.0500000000000007,2.0500000000000007,2.0500000000000007,2.0500000000000007,2.0500000000000007]
[null,null,null,{"$f":"D25 +$D$6","v":2.0000000000000004},2.0000000000000004,2.0000000000000004,2.0000000000000004,2.0000000000000004,2.0000000000000004,2.0000000000000004,2.0000000000000004,2.0000000000000004,2.0000000000000004,2.0000000000000004,2.0000000000000004,2.0000000000000004,2.0000000000000004,2.0000000000000004,2.0000000000000004,2.0000000000000004,{"$f":"$D23","v":2.0000000000000004},2.0000000000000004,2.0000000000000004,2.0000000000000004,2.0000000000000004,2.0000000000000004,2.0000000000000004,2.0000000000000004,2.0000000000000004,2.0000000000000004,2.0000000000000004,2.0000000000000004,2.0000000000000004,2.0000000000000004,2.0000000000000004,2.0000000000000004,2.0000000000000004,2.0000000000000004,2.0000000000000004,2.0000000000000004,2.0000000000000004,2.0000000000000004,2.0000000000000004,2.0000000000000004,2.0000000000000004,2.0000000000000004,2.0000000000000004,2.0000000000000004,2.0000000000000004,2.0000000000000004,2.0000000000000004,2.0000000000000004,2.0000000000000004,2.0000000000000004,2.0000000000000004,2.0000000000000004,2.0000000000000004,2.0000000000000004,2.0000000000000004,2.0000000000000004,2.0000000000000004,2.0000000000000004,2.0000000000000004,2.0000000000000004,2.0000000000000004,2.0000000000000004]
[null,null,null,null,{"$f":"$D23-$D$6*0.5","v":1.9500000000000004},1.9500000000000004,1.9500000000000004,1.9500000000000004,1.9500000000000004,1.9500000000000004,1.9500000000000004,1.9500000000000004,1.9500000000000004,1.9500000000000004,1.9500000000000004,1.9500000000000004,1.9500000000000004,1.9500000000000004,1.9500000000000004,1.9500000000000004,1.9500000000000004,1.9500000000000004,1.9500000000000004,1.9500000000000004,1.9500000000000004,1.9500000000000004,1.9500000000000004,1.9500000000000004,1.9500000000000004,1.9500000000000004,1.9500000000000004,1.9500000000000004,1.9500000000000004,1.9500000000000004,1.9500000000000004,1.9500000000000004,1.9500000000000004,1.9500000000000004,1.9500000000000004,1.9500000000000004,1.9500000000000004,1.9500000000000004,1.9500000000000004,1.9500000000000004,1.9500000000000004,1.9500000000000004,1.9500000000000004,1.9500000000000004,1.9500000000000004,1.9500000000000004,1.9500000000000004,1.9500000000000004,1.9500000000000004,1.9500000000000004,1.9500000000000004,1.9500000000000004,1.9500000000000004,1.9500000000000004,1.9500000000000004,1.9500000000000004,1.9500000000000004,1.9500000000000004,1.9500000000000004,1.9500000000000004,1.9500000000000004,1.9500000000000004]
[null,null,null,{"$f":"D27 +$D$6","v":1.9000000000000004},1.9000000000000004,1.9000000000000004,1.9000000000000004,1.9000000000000004,1.9000000000000004,1.9000000000000004,1.9000000000000004,1.9000000000000004,1.9000000000000004,1.9000000000000004,1.9000000000000004,1.9000000000000004,1.9000000000000004,1.9000000000000004,1.9000000000000004,1.9000000000000004,{"$f":"$D25","v":1.9000000000000004},1.9000000000000004,1.9000000000000004,1.9000000000000004,1.9000000000000004,1.9000000000000004,1.9000000000000004,1.9000000000000004,1.9000000000000004,1.9000000000000004,1.9000000000000004,1.9000000000000004,1.9000000000000004,1.9000000000000004,1.9000000000000004,1.9000000000000004,1.9000000000000004,1.9000000000000004,1.9000000000000004,1.9000000000000004,1.9000000000000004,1.9000000000000004,1.9000000000000004,1.9000000000000004,1.9000000000000004,1.9000000000000004,1.9000000000000004,1.9000000000000004,1.9000000000000004,1.9000000000000004,1.9000000000000004,1.9000000000000004,1.9000000000000004,1.9000000000000004,1.9000000000000004,1.9000000000000004,1.9000000000000004,1.9000000000000004,1.9000000000000004,1.9000000000000004,1.9000000000000004,1.9000000000000004,1.9000000000000004,1.9000000000000004,1.9000000000000004,1.9000000000000004]
[null,null,null,null,{"$f":"$D25-$D$6*0.5","v":1.8500000000000003},1.8500000000000003,1.8500000000000003,1.8500000000000003,1.8500000000000003,1.8500000000000003,1.8500000000000003,1.8500000000000003,1.8500000000000003,1.8500000000000003,1.8500000000000003,1.8500000000000003,1.8500000000000003,1.8500000000000003,1.8500000000000003,1.8500000000000003,1.8500000000000003,1.8500000000000003,1.8500000000000003,1.8500000000000003,1.8500000000000003,1.8500000000000003,1.8500000000000003,1.8500000000000003,1.8500000000000003,1.8500000000000003,1.8500000000000003,1.8500000000000003,1.8500000000000003,1.8500000000000003,1.8500000000000003,1.8500000000000003,1.8500000000000003,1.8500000000000003,1.8500000000000003,1.8500000000000003,1.8500000000000003,1.8500000000000003,1.8500000000000003,1.8500000000000003,1.8500000000000003,1.8500000000000003,1.8500000000000003,1.8500000000000003,1.8500000000000003,1.8500000000000003,1.8500000000000003,1.8500000000000003,1.8500000000000003,1.8500000000000003,1.8500000000000003,1.8500000000000003,1.8500000000000003,1.8500000000000003,1.8500000000000003,1.8500000000000003,1.8500000000000003,1.8500000000000003,1.8500000000000003,1.8500000000000003,1.8500000000000003,1.8500000000000003]
[null,null,null,{"$f":"D29 +$D$6","v":1.8000000000000003},1.8000000000000003,1.8000000000000003,1.8000000000000003,1.8000000000000003,1.8000000000000003,1.8000000000000003,1.8000000000000003,1.8000000000000003,1.8000000000000003,1.8000000000000003,1.8000000000000003,1.8000000000000003,1.8000000000000003,1.8000000000000003,1.8000000000000003,1.8000000000000003,{"$f":"$D27","v":1.8000000000000003},1.8000000000000003,1.8000000000000003,1.8000000000000003,1.8000000000000003,1.8000000000000003,1.8000000000000003,1.8000000000000003,1.8000000000000003,1.8000000000000003,1.8000000000000003,1.8000000000000003,1.8000000000000003,1.8000000000000003,1.8000000000000003,1.8000000000000003,1.8000000000000003,1.8000000000000003,1.8000000000000003,1.8000000000000003,1.8000000000000003,1.8000000000000003,1.8000000000000003,1.8000000000000003,1.8000000000000003,1.8000000000000003,1.8000000000000003,1.8000000000000003,1.8000000000000003,1.8000000000000003,1.8000000000000003,1.8000000000000003,1.8000000000000003,1.8000000000000003,1.8000000000000003,1.8000000000000003,1.8000000000000003,1.8000000000000003,1.8000000000000003,1.8000000000000003,1.8000000000000003,1.8000000000000003,1.8000000000000003,1.8000000000000003,1.8000000000000003,1.8000000000000003]
[null,null,null,null,{"$f":"$D27-$D$6*0.5","v":1.7500000000000002},1.7500000000000002,1.7500000000000002,1.7500000000000002,1.7500000000000002,1.7500000000000002,1.7500000000000002,1.7500000000000002,1.7500000000000002,1.7500000000000002,1.7500000000000002,1.7500000000000002,1.7500000000000002,1.7500000000000002,1.7500000000000002,1.7500000000000002,1.7500000000000002,1.7500000000000002,1.7500000000000002,1.7500000000000002,1.7500000000000002,1.7500000000000002,1.7500000000000002,1.7500000000000002,1.7500000000000002,1.7500000000000002,1.7500000000000002,1.7500000000000002,1.7500000000000002,1.7500000000000002,1.7500000000000002,1.7500000000000002,1.7500000000000002,1.7500000000000002,1.7500000000000002,1.7500000000000002,1.7500000000000002,1.7500000000000002,1.7500000000000002,1.7500000000000002,1.7500000000000002,1.7500000000000002,1.7500000000000002,1.7500000000000002,1.7500000000000002,1.7500000000000002,1.7500000000000002,1.7500000000000002,1.7500000000000002,1.7500000000000002,1.7500000000000002,1.7500000000000002,1.7500000000000002,1.7500000000000002,1.7500000000000002,1.7500000000000002,1.7500000000000002,1.7500000000000002,1.7500000000000002,1.7500000000000002,1.7500000000000002,1.7500000000000002]
[null,null,null,{"$f":"D31 +$D$6","v":1.7000000000000002},1.7000000000000002,1.7000000000000002,1.7000000000000002,1.7000000000000002,1.7000000000000002,1.7000000000000002,1.7000000000000002,1.7000000000000002,1.7000000000000002,1.7000000000000002,1.7000000000000002,1.7000000000000002,1.7000000000000002,1.7000000000000002,1.7000000000000002,1.7000000000000002,{"$f":"$D29","v":1.7000000000000002},1.7000000000000002,1.7000000000000002,1.7000000000000002,1.7000000000000002,1.7000000000000002,1.7000000000000002,1.7000000000000002,1.7000000000000002,1.7000000000000002,1.7000000000000002,1.7000000000000002,1.7000000000000002,1.7000000000000002,1.7000000000000002,1.7000000000000002,1.7000000000000002,1.7000000000000002,1.7000000000000002,1.7000000000000002,1.7000000000000002,1.7000000000000002,1.7000000000000002,1.7000000000000002,1.7000000000000002,1.7000000000000002,1.7000000000000002,1.7000000000000002,1.7000000000000002,1.7000000000000002,1.7000000000000002,1.7000000000000002,1.7000000000000002,1.7000000000000002,1.7000000000000002,1.7000000000000002,1.7000000000000002,1.7000000000000002,1.7000000000000002,1.7000000000000002,1.7000000000000002,1.7000000000000002,1.7000000000000002,1.7000000000000002,1.7000000000000002,1.7000000000000002]
[null,null,null,null,{"$f":"$D29-$D$6*0.5","v":1.6500000000000001},1.6500000000000001,1.6500000000000001,1.6500000000000001,1.6500000000000001,1.6500000000000001,1.6500000000000001,1.6500000000000001,1.6500000000000001,1.6500000000000001,1.6500000000000001,1.6500000000000001,1.6500000000000001,1.6500000000000001,1.6500000000000001,1.6500000000000001,1.6500000000000001,1.6500000000000001,1.6500000000000001,1.6500000000000001,1.6500000000000001,1.6500000000000001,1.6500000000000001,1.6500000000000001,1.6500000000000001,1.6500000000000001,1.6500000000000001,1.6500000000000001,1.6500000000000001,1.6500000000000001,1.6500000000000001,1.6500000000000001,1.6500000000000001,1.6500000000000001,1.6500000000000001,1.6500000000000001,1.6500000000000001,1.6500000000000001,1.6500000000000001,1.6500000000000001,1.6500000000000001,1.6500000000000001,1.6500000000000001,1.6500000000000001,1.6500000000000001,1.6500000000000001,1.6500000000000001,1.6500000000000001,1.6500000000000001,1.6500000000000001,1.6500000000000001,1.6500000000000001,1.6500000000000001,1.6500000000000001,1.6500000000000001,1.6500000000000001,1.6500000000000001,1.6500000000000001,1.6500000000000001,1.6500000000000001,1.6500000000000001,1.6500000000000001]
[null,null,null,{"$f":"D33 +$D$6","v":1.6},1.6,1.6,1.6,1.6,1.6,1.6,1.6,1.6,1.6,1.6,1.6,1.6,1.6,1.6,1.6,1.6,{"$f":"$D31","v":1.6},1.6,1.6,1.6,1.6,1.6,1.6,1.6,1.6,1.6,1.6,1.6,1.6,1.6,1.6,1.6,1.6,1.6,1.6,1.6,1.6,1.6,1.6,1.6,1.6,1.6,1.6,1.6,1.6,1.6,1.6,1.6,1.6,1.6,1.6,1.6,1.6,1.6,1.6,1.6,1.6,1.6,1.6,1.6,1.6,1.6]
[null,null,null,null,{"$f":"$D31-$D$6*0.5","v":1.55},{"$f":"$D31-$D$6*0.5","v":1.55},1.55,1.55,1.55,1.55,1.55,1.55,1.55,1.55,1.55,1.55,1.55,1.55,1.55,1.55,1.55,1.55,1.55,1.55,1.55,1.55,1.55,1.55,1.55,1.55,1.55,1.55,1.55,1.55,1.55,1.55,1.55,1.55,1.55,1.55,1.55,1.55,1.55,1.55,1.55,1.55,1.55,1.55,1.55,1.55,1.55,1.55,1.55,1.55,1.55,1.55,1.55,1.55,1.55,1.55,1.55,1.55,1.55,1.55,1.55,1.55]
[null,null,null,{"$f":"AN6","v":1.5},1.5,1.5,1.5,1.5,1.5,1.5,1.5,1.5,1.5,1.5,1.5,1.5,1.5,1.5,1.5,1.5,{"$f":"$D33","v":1.5},1.5,1.5,1.5,1.5,1.5,1.5,1.5,1.5,1.5,1.5,1.5,1.5,1.5,1.5,1.5,1.5,1.5,1.5,1.5,1.5,1.5,1.5,1.5,1.5,1.5,1.5,1.5,1.5,1.5,1.5,1.5,1.5,1.5,1.5,1.5,1.5,1.5,1.5,1.5,1.5,1.5,1.5,1.5,1.5,1.5]
[null,null,null,null,{"$f":"$D33-$D$6*0.5","v":1.45},1.45,1.45,1.45,1.45,1.45,1.45,1.45,1.45,1.45,1.45,1.45,1.45,1.45,1.45,1.45,1.45,1.45,1.45,1.45,1.45,1.45,1.45,1.45,1.45,1.45,1.45,1.45,1.45,1.45,1.45,1.45,1.45,1.45,1.45,1.45,1.45,1.45,1.45,1.45,1.45,1.45,1.45,1.45,1.45,1.45,1.45,1.45,1.45,1.45,1.45,1.45,1.45,1.45,1.45,1.45,1.45,1.45,1.45,1.45,1.45,1.45]
[null,null,null,{"$f":"D33 -$D$6","v":1.4},{"$f":"$D35","v":1.4},1.4,1.4,1.4,1.4,1.4,1.4,1.4,1.4,1.4,1.4,1.4,1.4,1.4,1.4,1.4,1.4,1.4,1.4,1.4,1.4,1.4,1.4,1.4,1.4,1.4,1.4,1.4,1.4,1.4,1.4,1.4,1.4,1.4,1.4,1.4,1.4,1.4,1.4,1.4,1.4,1.4,1.4,1.4,1.4,1.4,1.4,1.4,1.4,1.4,1.4,1.4,1.4,1.4,1.4,1.4,1.4,1.4,1.4,1.4,1.4,1.4]
[null,null,null,null,{"$f":"$D35-$D$6*0.5","v":1.3499999999999999},1.3499999999999999,1.3499999999999999,1.3499999999999999,1.3499999999999999,1.3499999999999999,1.3499999999999999,1.3499999999999999,1.3499999999999999,1.3499999999999999,1.3499999999999999,1.3499999999999999,1.3499999999999999,1.3499999999999999,1.3499999999999999,1.3499999999999999,1.3499999999999999,1.3499999999999999,1.3499999999999999,1.3499999999999999,1.3499999999999999,1.3499999999999999,1.3499999999999999,1.3499999999999999,1.3499999999999999,1.3499999999999999,1.3499999999999999,1.3499999999999999,1.3499999999999999,1.3499999999999999,1.3499999999999999,1.3499999999999999,1.3499999999999999,1.3499999999999999,1.3499999999999999,1.3499999999999999,1.3499999999999999,1.3499999999999999,1.3499999999999999,1.3499999999999999,1.3499999999999999,1.3499999999999999,1.3499999999999999,1.3499999999999999,1.3499999999999999,1.3499999999999999,1.3499999999999999,1.3499999999999999,1.3499999999999999,1.3499999999999999,1.3499999999999999,1.3499999999999999,1.3499999999999999,1.3499999999999999,1.3499999999999999,1.3499999999999999,1.3499999999999999,1.3499999999999999,1.3499999999999999,1.3499999999999999,1.3499999999999999,1.3499999999999999]
[null,null,null,{"$f":"D35 -$D$6","v":1.2999999999999998},{"$f":"$D37","v":1.2999999999999998},1.2999999999999998,1.2999999999999998,1.2999999999999998,1.2999999999999998,1.2999999999999998,1.2999999999999998,1.2999999999999998,1.2999999999999998,1.2999999999999998,1.2999999999999998,1.2999999999999998,1.2999999999999998,1.2999999999999998,1.2999999999999998,1.2999999999999998,1.2999999999999998,1.2999999999999998,1.2999999999999998,1.2999999999999998,1.2999999999999998,1.2999999999999998,1.2999999999999998,1.2999999999999998,1.2999999999999998,1.2999999999999998,1.2999999999999998,1.2999999999999998,1.2999999999999998,1.2999999999999998,1.2999999999999998,1.2999999999999998,1.2999999999999998,1.2999999999999998,1.2999999999999998,1.2999999999999998,1.2999999999999998,1.2999999999999998,1.2999999999999998,1.2999999999999998,1.2999999999999998,1.2999999999999998,1.2999999999999998,1.2999999999999998,1.2999999999999998,1.2999999999999998,1.2999999999999998,1.2999999999999998,1.2999999999999998,1.2999999999999998,1.2999999999999998,1.2999999999999998,1.2999999999999998,1.2999999999999998,1.2999999999999998,1.2999999999999998,1.2999999999999998,1.2999999999999998,1.2999999999999998,1.2999999999999998,1.2999999999999998,1.2999999999999998]
[null,null,null,null,{"$f":"$D37-$D$6*0.5","v":1.2499999999999998},1.2499999999999998,1.2499999999999998,1.2499999999999998,1.2499999999999998,1.2499999999999998,1.2499999999999998,1.2499999999999998,1.2499999999999998,1.2499999999999998,1.2499999999999998,1.2499999999999998,1.2499999999999998,1.2499999999999998,1.2499999999999998,1.2499999999999998,1.2499999999999998,1.2499999999999998,1.2499999999999998,1.2499999999999998,1.2499999999999998,1.2499999999999998,1.2499999999999998,1.2499999999999998,1.2499999999999998,1.2499999999999998,1.2499999999999998,1.2499999999999998,1.2499999999999998,1.2499999999999998,1.2499999999999998,1.2499999999999998,1.2499999999999998,1.2499999999999998,1.2499999999999998,1.2499999999999998,1.2499999999999998,1.2499999999999998,1.2499999999999998,1.2499999999999998,1.2499999999999998,1.2499999999999998,1.2499999999999998,1.2499999999999998,1.2499999999999998,1.2499999999999998,1.2499999999999998,1.2499999999999998,1.2499999999999998,1.2499999999999998,1.2499999999999998,1.2499999999999998,1.2499999999999998,1.2499999999999998,1.2499999999999998,1.2499999999999998,1.2499999999999998,1.2499999999999998,1.2499999999999998,1.2499999999999998,1.2499999999999998,1.2499999999999998]
[null,null,null,{"$f":"D37 -$D$6","v":1.1999999999999997},{"$f":"$D39","v":1.1999999999999997},1.1999999999999997,1.1999999999999997,1.1999999999999997,1.1999999999999997,1.1999999999999997,1.1999999999999997,1.1999999999999997,1.1999999999999997,1.1999999999999997,1.1999999999999997,1.1999999999999997,1.1999999999999997,1.1999999999999997,1.1999999999999997,1.1999999999999997,1.1999999999999997,1.1999999999999997,1.1999999999999997,1.1999999999999997,1.1999999999999997,1.1999999999999997,1.1999999999999997,1.1999999999999997,1.1999999999999997,1.1999999999999997,1.1999999999999997,1.1999999999999997,1.1999999999999997,1.1999999999999997,1.1999999999999997,1.1999999999999997,1.1999999999999997,1.1999999999999997,1.1999999999999997,1.1999999999999997,1.1999999999999997,1.1999999999999997,1.1999999999999997,1.1999999999999997,1.1999999999999997,1.1999999999999997,1.1999999999999997,1.1999999999999997,1.1999999999999997,1.1999999999999997,1.1999999999999997,1.1999999999999997,1.1999999999999997,1.1999999999999997,1.1999999999999997,1.1999999999999997,1.1999999999999997,1.1999999999999997,1.1999999999999997,1.1999999999999997,1.1999999999999997,1.1999999999999997,1.1999999999999997,1.1999999999999997,1.1999999999999997,1.1999999999999997]
[null,null,null,null,{"$f":"$D39-$D$6*0.5","v":1.1499999999999997},1.1499999999999997,1.1499999999999997,1.1499999999999997,1.1499999999999997,1.1499999999999997,1.1499999999999997,1.1499999999999997,1.1499999999999997,1.1499999999999997,1.1499999999999997,1.1499999999999997,1.1499999999999997,1.1499999999999997,1.1499999999999997,1.1499999999999997,1.1499999999999997,1.1499999999999997,1.1499999999999997,1.1499999999999997,1.1499999999999997,1.1499999999999997,1.1499999999999997,1.1499999999999997,1.1499999999999997,1.1499999999999997,1.1499999999999997,1.1499999999999997,1.1499999999999997,1.1499999999999997,1.1499999999999997,1.1499999999999997,1.1499999999999997,1.1499999999999997,1.1499999999999997,1.1499999999999997,1.1499999999999997,1.1499999999999997,1.1499999999999997,1.1499999999999997,1.1499999999999997,1.1499999999999997,1.1499999999999997,1.1499999999999997,1.1499999999999997,1.1499999999999997,1.1499999999999997,1.1499999999999997,1.1499999999999997,1.1499999999999997,1.1499999999999997,1.1499999999999997,1.1499999999999997,1.1499999999999997,1.1499999999999997,1.1499999999999997,1.1499999999999997,1.1499999999999997,1.1499999999999997,1.1499999999999997,1.1499999999999997,1.1499999999999997]
[null,null,null,{"$f":"D39 -$D$6","v":1.0999999999999996},{"$f":"$D41","v":1.0999999999999996},1.0999999999999996,1.0999999999999996,1.0999999999999996,1.0999999999999996,1.0999999999999996,1.0999999999999996,1.0999999999999996,1.0999999999999996,1.0999999999999996,1.0999999999999996,1.0999999999999996,1.0999999999999996,1.0999999999999996,1.0999999999999996,1.0999999999999996,1.0999999999999996,1.0999999999999996,1.0999999999999996,1.0999999999999996,1.0999999999999996,1.0999999999999996,1.0999999999999996,1.0999999999999996,1.0999999999999996,1.0999999999999996,1.0999999999999996,1.0999999999999996,1.0999999999999996,1.0999999999999996,1.0999999999999996,1.0999999999999996,1.0999999999999996,1.0999999999999996,1.0999999999999996,1.0999999999999996,1.0999999999999996,1.0999999999999996,1.0999999999999996,1.0999999999999996,1.0999999999999996,1.0999999999999996,1.0999999999999996,1.0999999999999996,1.0999999999999996,1.0999999999999996,1.0999999999999996,1.0999999999999996,1.0999999999999996,1.0999999999999996,1.0999999999999996,1.0999999999999996,1.0999999999999996,1.0999999999999996,1.0999999999999996,1.0999999999999996,1.0999999999999996,1.0999999999999996,1.0999999999999996,1.0999999999999996,1.0999999999999996,1.0999999999999996]
[null,null,null,null,{"$f":"$D41-$D$6*0.5","v":1.0499999999999996},1.0499999999999996,1.0499999999999996,1.0499999999999996,1.0499999999999996,1.0499999999999996,1.0499999999999996,1.0499999999999996,1.0499999999999996,1.0499999999999996,1.0499999999999996,1.0499999999999996,1.0499999999999996,1.0499999999999996,1.0499999999999996,1.0499999999999996,1.0499999999999996,1.0499999999999996,1.0499999999999996,1.0499999999999996,1.0499999999999996,1.0499999999999996,1.0499999999999996,1.0499999999999996,1.0499999999999996,1.0499999999999996,1.0499999999999996,1.0499999999999996,1.0499999999999996,1.0499999999999996,1.0499999999999996,1.0499999999999996,1.0499999999999996,1.0499999999999996,1.0499999999999996,1.0499999999999996,1.0499999999999996,1.0499999999999996,1.0499999999999996,1.0499999999999996,1.0499999999999996,1.0499999999999996,1.0499999999999996,1.0499999999999996,1.0499999999999996,1.0499999999999996,1.0499999999999996,1.0499999999999996,1.0499999999999996,1.0499999999999996,1.0499999999999996,1.0499999999999996,1.0499999999999996,1.0499999999999996,1.0499999999999996,1.0499999999999996,1.0499999999999996,1.0499999999999996,1.0499999999999996,1.0499999999999996,1.0499999999999996,1.0499999999999996]
[null,null,null,{"$f":"D41 -$D$6","v":0.99999999999999967},{"$f":"$D43","v":0.99999999999999967},0.99999999999999967,0.99999999999999967,0.99999999999999967,0.99999999999999967,0.99999999999999967,0.99999999999999967,0.99999999999999967,0.99999999999999967,0.99999999999999967,0.99999999999999967,0.99999999999999967,0.99999999999999967,0.99999999999999967,0.99999999999999967,0.99999999999999967,0.99999999999999967,0.99999999999999967,0.99999999999999967,0.99999999999999967,0.99999999999999967,0.99999999999999967,0.99999999999999967,0.99999999999999967,0.99999999999999967,0.99999999999999967,0.99999999999999967,0.99999999999999967,0.99999999999999967,0.99999999999999967,0.99999999999999967,0.99999999999999967,0.99999999999999967,0.99999999999999967,0.99999999999999967,0.99999999999999967,0.99999999999999967,0.99999999999999967,0.99999999999999967,0.99999999999999967,0.99999999999999967,0.99999999999999967,0.99999999999999967,0.99999999999999967,0.99999999999999967,0.99999999999999967,0.99999999999999967,0.99999999999999967,0.99999999999999967,0.99999999999999967,0.99999999999999967,0.99999999999999967,0.99999999999999967,0.99999999999999967,0.99999999999999967,0.99999999999999967,0.99999999999999967,0.99999999999999967,0.99999999999999967,0.99999999999999967,0.99999999999999967,0.99999999999999967]
[null,null,null,null,{"$f":"$D43-$D$6*0.5","v":0.94999999999999962},0.94999999999999962,0.94999999999999962,0.94999999999999962,0.94999999999999962,0.94999999999999962,0.94999999999999962,0.94999999999999962,0.94999999999999962,0.94999999999999962,0.94999999999999962,0.94999999999999962,0.94999999999999962,0.94999999999999962,0.94999999999999962,0.94999999999999962,0.94999999999999962,0.94999999999999962,0.94999999999999962,0.94999999999999962,0.94999999999999962,0.94999999999999962,0.94999999999999962,0.94999999999999962,0.94999999999999962,0.94999999999999962,0.94999999999999962,0.94999999999999962,0.94999999999999962,0.94999999999999962,0.94999999999999962,0.94999999999999962,0.94999999999999962,0.94999999999999962,0.94999999999999962,0.94999999999999962,0.94999999999999962,0.94999999999999962,0.94999999999999962,0.94999999999999962,0.94999999999999962,0.94999999999999962,0.94999999999999962,0.94999999999999962,0.94999999999999962,0.94999999999999962,0.94999999999999962,0.94999999999999962,0.94999999999999962,0.94999999999999962,0.94999999999999962,0.94999999999999962,0.94999999999999962,0.94999999999999962,0.94999999999999962,0.94999999999999962,0.94999999999999962,0.94999999999999962,0.94999999999999962,0.94999999999999962,0.94999999999999962,0.94999999999999962]
[null,null,null,{"$f":"D43 -$D$6","v":0.89999999999999969},{"$f":"$D45","v":0.89999999999999969},0.89999999999999969,0.89999999999999969,0.89999999999999969,0.89999999999999969,0.89999999999999969,0.89999999999999969,0.89999999999999969,0.89999999999999969,0.89999999999999969,0.89999999999999969,0.89999999999999969,0.89999999999999969,0.89999999999999969,0.89999999999999969,0.89999999999999969,0.89999999999999969,0.89999999999999969,0.89999999999999969,0.89999999999999969,0.89999999999999969,0.89999999999999969,0.89999999999999969,0.89999999999999969,0.89999999999999969,0.89999999999999969,0.89999999999999969,0.89999999999999969,0.89999999999999969,0.89999999999999969,0.89999999999999969,0.89999999999999969,0.89999999999999969,0.89999999999999969,0.89999999999999969,0.89999999999999969,0.89999999999999969,0.89999999999999969,0.89999999999999969,0.89999999999999969,0.89999999999999969,0.89999999999999969,0.89999999999999969,0.89999999999999969,0.89999999999999969,0.89999999999999969,0.89999999999999969,0.89999999999999969,0.89999999999999969,0.89999999999999969,0.89999999999999969,0.89999999999999969,0.89999999999999969,0.89999999999999969,0.89999999999999969,0.89999999999999969,0.89999999999999969,0.89999999999999969,0.89999999999999969,0.89999999999999969,0.89999999999999969,0.89999999999999969]
[null,null,null,null,{"$f":"$D45-$D$6*0.5","v":0.84999999999999964},0.84999999999999964,0.84999999999999964,0.84999999999999964,0.84999999999999964,0.84999999999999964,0.84999999999999964,0.84999999999999964,0.84999999999999964,0.84999999999999964,0.84999999999999964,0.84999999999999964,0.84999999999999964,0.84999999999999964,0.84999999999999964,0.84999999999999964,0.84999999999999964,0.84999999999999964,0.84999999999999964,0.84999999999999964,0.84999999999999964,0.84999999999999964,0.84999999999999964,0.84999999999999964,0.84999999999999964,0.84999999999999964,0.84999999999999964,0.84999999999999964,0.84999999999999964,0.84999999999999964,0.84999999999999964,0.84999999999999964,0.84999999999999964,0.84999999999999964,0.84999999999999964,0.84999999999999964,0.84999999999999964,0.84999999999999964,0.84999999999999964,0.84999999999999964,0.84999999999999964,0.84999999999999964,0.84999999999999964,0.84999999999999964,0.84999999999999964,0.84999999999999964,0.84999999999999964,0.84999999999999964,0.84999999999999964,0.84999999999999964,0.84999999999999964,0.84999999999999964,0.84999999999999964,0.84999999999999964,0.84999999999999964,0.84999999999999964,0.84999999999999964,0.84999999999999964,0.84999999999999964,0.84999999999999964,0.84999999999999964,0.84999999999999964]
[null,null,null,{"$f":"D45 -$D$6","v":0.79999999999999971},{"$f":"$D47","v":0.79999999999999971},0.79999999999999971,0.79999999999999971,0.79999999999999971,0.79999999999999971,0.79999999999999971,0.79999999999999971,0.79999999999999971,0.79999999999999971,0.79999999999999971,0.79999999999999971,0.79999999999999971,0.79999999999999971,0.79999999999999971,0.79999999999999971,0.79999999999999971,0.79999999999999971,0.79999999999999971,0.79999999999999971,0.79999999999999971,0.79999999999999971,0.79999999999999971,0.79999999999999971,0.79999999999999971,0.79999999999999971,0.79999999999999971,0.79999999999999971,0.79999999999999971,0.79999999999999971,0.79999999999999971,0.79999999999999971,0.79999999999999971,0.79999999999999971,0.79999999999999971,0.79999999999999971,0.79999999999999971,0.79999999999999971,0.79999999999999971,0.79999999999999971,0.79999999999999971,0.79999999999999971,0.79999999999999971,0.79999999999999971,0.79999999999999971,0.79999999999999971,0.79999999999999971,0.79999999999999971,0.79999999999999971,0.79999999999999971,0.79999999999999971,0.79999999999999971,0.79999999999999971,0.79999999999999971,0.79999999999999971,0.79999999999999971,0.79999999999999971,0.79999999999999971,0.79999999999999971,0.79999999999999971,0.79999999999999971,0.79999999999999971,0.79999999999999971]
[null,null,null,null,{"$f":"$D47-$D$6*0.5","v":0.74999999999999967},0.74999999999999967,0.74999999999999967,0.74999999999999967,0.74999999999999967,0.74999999999999967,0.74999999999999967,0.74999999999999967,0.74999999999999967,0.74999999999999967,0.74999999999999967,0.74999999999999967,0.74999999999999967,0.74999999999999967,0.74999999999999967,0.74999999999999967,0.74999999999999967,0.74999999999999967,0.74999999999999967,0.74999999999999967,0.74999999999999967,0.74999999999999967,0.74999999999999967,0.74999999999999967,0.74999999999999967,0.74999999999999967,0.74999999999999967,0.74999999999999967,0.74999999999999967,0.74999999999999967,0.74999999999999967,0.74999999999999967,0.74999999999999967,0.74999999999999967,0.74999999999999967,0.74999999999999967,0.74999999999999967,0.74999999999999967,0.74999999999999967,0.74999999999999967,0.74999999999999967,0.74999999999999967,0.74999999999999967,0.74999999999999967,0.74999999999999967,0.74999999999999967,0.74999999999999967,0.74999999999999967,0.74999999999999967,0.74999999999999967,0.74999999999999967,0.74999999999999967,0.74999999999999967,0.74999999999999967,0.74999999999999967,0.74999999999999967,0.74999999999999967,0.74999999999999967,0.74999999999999967,0.74999999999999967,0.74999999999999967,0.74999999999999967]
[null,null,null,{"$f":"D47 -$D$6","v":0.69999999999999973},{"$f":"$D49","v":0.69999999999999973},0.69999999999999973,0.69999999999999973,0.69999999999999973,0.69999999999999973,0.69999999999999973,0.69999999999999973,0.69999999999999973,0.69999999999999973,0.69999999999999973,0.69999999999999973,0.69999999999999973,0.69999999999999973,0.69999999999999973,0.69999999999999973,0.69999999999999973,0.69999999999999973,0.69999999999999973,0.69999999999999973,0.69999999999999973,0.69999999999999973,0.69999999999999973,0.69999999999999973,0.69999999999999973,0.69999999999999973,0.69999999999999973,0.69999999999999973,0.69999999999999973,0.69999999999999973,0.69999999999999973,0.69999999999999973,0.69999999999999973,0.69999999999999973,0.69999999999999973,0.69999999999999973,0.69999999999999973,0.69999999999999973,0.69999999999999973,0.69999999999999973,0.69999999999999973,0.69999999999999973,0.69999999999999973,0.69999999999999973,0.69999999999999973,0.69999999999999973,0.69999999999999973,0.69999999999999973,0.69999999999999973,0.69999999999999973,0.69999999999999973,0.69999999999999973,0.69999999999999973,0.69999999999999973,0.69999999999999973,0.69999999999999973,0.69999999999999973,0.69999999999999973,0.69999999999999973,0.69999999999999973,0.69999999999999973,0.69999999999999973,0.69999999999999973]
[null,null,null,null,{"$f":"$D49-$D$6*0.5","v":0.64999999999999969},0.64999999999999969,0.64999999999999969,0.64999999999999969,0.64999999999999969,0.64999999999999969,0.64999999999999969,0.64999999999999969,0.64999999999999969,0.64999999999999969,0.64999999999999969,0.64999999999999969,0.64999999999999969,0.64999999999999969,0.64999999999999969,0.64999999999999969,0.64999999999999969,0.64999999999999969,0.64999999999999969,0.64999999999999969,0.64999999999999969,0.64999999999999969,0.64999999999999969,0.64999999999999969,0.64999999999999969,0.64999999999999969,0.64999999999999969,0.64999999999999969,0.64999999999999969,0.64999999999999969,0.64999999999999969,0.64999999999999969,0.64999999999999969,0.64999999999999969,0.64999999999999969,0.64999999999999969,0.64999999999999969,0.64999999999999969,0.64999999999999969,0.64999999999999969,0.64999999999999969,0.64999999999999969,0.64999999999999969,0.64999999999999969,0.64999999999999969,0.64999999999999969,0.64999999999999969,0.64999999999999969,0.64999999999999969,0.64999999999999969,0.64999999999999969,0.64999999999999969,0.64999999999999969,0.64999999999999969,0.64999999999999969,0.64999999999999969,0.64999999999999969,0.64999999999999969,0.64999999999999969,0.64999999999999969,0.64999999999999969,0.64999999999999969]
[null,null,null,{"$f":"D49 -$D$6","v":0.59999999999999976},{"$f":"$D51","v":0.59999999999999976},0.59999999999999976,0.59999999999999976,0.59999999999999976,0.59999999999999976,0.59999999999999976,0.59999999999999976,0.59999999999999976,0.59999999999999976,0.59999999999999976,0.59999999999999976,0.59999999999999976,0.59999999999999976,0.59999999999999976,0.59999999999999976,0.59999999999999976,0.59999999999999976,0.59999999999999976,0.59999999999999976,0.59999999999999976,0.59999999999999976,0.59999999999999976,0.59999999999999976,0.59999999999999976,0.59999999999999976,0.59999999999999976,0.59999999999999976,0.59999999999999976,0.59999999999999976,0.59999999999999976,0.59999999999999976,0.59999999999999976,0.59999999999999976,0.59999999999999976,0.59999999999999976,0.59999999999999976,0.59999999999999976,0.59999999999999976,0.59999999999999976,0.59999999999999976,0.59999999999999976,0.59999999999999976,0.59999999999999976,0.59999999999999976,0.59999999999999976,0.59999999999999976,0.59999999999999976,0.59999999999999976,0.59999999999999976,0.59999999999999976,0.59999999999999976,0.59999999999999976,0.59999999999999976,0.59999999999999976,0.59999999999999976,0.59999999999999976,0.59999999999999976,0.59999999999999976,0.59999999999999976,0.59999999999999976,0.59999999999999976,0.59999999999999976]
[null,null,null,null,{"$f":"$D51-$D$6*0.5","v":0.54999999999999971},0.54999999999999971,0.54999999999999971,0.54999999999999971,0.54999999999999971,0.54999999999999971,0.54999999999999971,0.54999999999999971,0.54999999999999971,0.54999999999999971,0.54999999999999971,0.54999999999999971,0.54999999999999971,0.54999999999999971,0.54999999999999971,0.54999999999999971,0.54999999999999971,0.54999999999999971,0.54999999999999971,0.54999999999999971,0.54999999999999971,0.54999999999999971,0.54999999999999971,0.54999999999999971,0.54999999999999971,0.54999999999999971,0.54999999999999971,0.54999999999999971,0.54999999999999971,0.54999999999999971,0.54999999999999971,0.54999999999999971,0.54999999999999971,0.54999999999999971,0.54999999999999971,0.54999999999999971,0.54999999999999971,0.54999999999999971,0.54999999999999971,0.54999999999999971,0.54999999999999971,0.54999999999999971,0.54999999999999971,0.54999999999999971,0.54999999999999971,0.54999999999999971,0.54999999999999971,0.54999999999999971,0.54999999999999971,0.54999999999999971,0.54999999999999971,0.54999999999999971,0.54999999999999971,0.54999999999999971,0.54999999999999971,0.54999999999999971,0.54999999999999971,0.54999999999999971,0.54999999999999971,0.54999999999999971,0.54999999999999971,0.54999999999999971]
[null,null,null,{"$f":"D51 -$D$6","v":0.49999999999999978},{"$f":"$D53","v":0.49999999999999978},0.49999999999999978,0.49999999999999978,0.49999999999999978,0.49999999999999978,0.49999999999999978,0.49999999999999978,0.49999999999999978,0.49999999999999978,0.49999999999999978,0.49999999999999978,0.49999999999999978,0.49999999999999978,0.49999999999999978,0.49999999999999978,0.49999999999999978,0.49999999999999978,0.49999999999999978,0.49999999999999978,0.49999999999999978,0.49999999999999978,0.49999999999999978,0.49999999999999978,0.49999999999999978,0.49999999999999978,0.49999999999999978,0.49999999999999978,0.49999999999999978,0.49999999999999978,0.49999999999999978,0.49999999999999978,0.49999999999999978,0.49999999999999978,0.49999999999999978,0.49999999999999978,0.49999999999999978,0.49999999999999978,0.49999999999999978,0.49999999999999978,0.49999999999999978,0.49999999999999978,0.49999999999999978,0.49999999999999978,0.49999999999999978,0.49999999999999978,0.49999999999999978,0.49999999999999978,0.49999999999999978,0.49999999999999978,0.49999999999999978,0.49999999999999978,0.49999999999999978,0.49999999999999978,0.49999999999999978,0.49999999999999978,0.49999999999999978,0.49999999999999978,0.49999999999999978,0.49999999999999978,0.49999999999999978,0.49999999999999978,0.49999999999999978]
[null,null,null,null,{"$f":"$D53-$D$6*0.5","v":0.44999999999999979},0.44999999999999979,0.44999999999999979,0.44999999999999979,0.44999999999999979,0.44999999999999979,0.44999999999999979,0.44999999999999979,0.44999999999999979,0.44999999999999979,0.44999999999999979,0.44999999999999979,0.44999999999999979,0.44999999999999979,0.44999999999999979,0.44999999999999979,0.44999999999999979,0.44999999999999979,0.44999999999999979,0.44999999999999979,0.44999999999999979,0.44999999999999979,0.44999999999999979,0.44999999999999979,0.44999999999999979,0.44999999999999979,0.44999999999999979,0.44999999999999979,0.44999999999999979,0.44999999999999979,0.44999999999999979,0.44999999999999979,0.44999999999999979,0.44999999999999979,0.44999999999999979,0.44999999999999979,0.44999999999999979,0.44999999999999979,0.44999999999999979,0.44999999999999979,0.44999999999999979,0.44999999999999979,0.44999999999999979,0.44999999999999979,0.44999999999999979,0.44999999999999979,0.44999999999999979,0.44999999999999979,0.44999999999999979,0.44999999999999979,0.44999999999999979,0.44999999999999979,0.44999999999999979,0.44999999999999979,0.44999999999999979,0.44999999999999979,0.44999999999999979,0.44999999999999979,0.44999999999999979,0.44999999999999979,0.44999999999999979,0.44999999999999979]
[null,null,null,{"$f":"D53 -$D$6","v":0.3999999999999998},{"$f":"$D55","v":0.3999999999999998},0.3999999999999998,0.3999999999999998,0.3999999999999998,0.3999999999999998,0.3999999999999998,0.3999999999999998,0.3999999999999998,0.3999999999999998,0.3999999999999998,0.3999999999999998,0.3999999999999998,0.3999999999999998,0.3999999999999998,0.3999999999999998,0.3999999999999998,0.3999999999999998,0.3999999999999998,0.3999999999999998,0.3999999999999998,0.3999999999999998,0.3999999999999998,0.3999999999999998,0.3999999999999998,0.3999999999999998,0.3999999999999998,0.3999999999999998,0.3999999999999998,0.3999999999999998,0.3999999999999998,0.3999999999999998,0.3999999999999998,0.3999999999999998,0.3999999999999998,0.3999999999999998,0.3999999999999998,0.3999999999999998,0.3999999999999998,0.3999999999999998,0.3999999999999998,0.3999999999999998,0.3999999999999998,0.3999999999999998,0.3999999999999998,0.3999999999999998,0.3999999999999998,0.3999999999999998,0.3999999999999998,0.3999999999999998,0.3999999999999998,0.3999999999999998,0.3999999999999998,0.3999999999999998,0.3999999999999998,0.3999999999999998,0.3999999999999998,0.3999999999999998,0.3999999999999998,0.3999999999999998,0.3999999999999998,0.3999999999999998,0.3999999999999998]
[null,null,null,null,{"$f":"$D55-$D$6*0.5","v":0.34999999999999981},0.34999999999999981,0.34999999999999981,0.34999999999999981,0.34999999999999981,0.34999999999999981,0.34999999999999981,0.34999999999999981,0.34999999999999981,0.34999999999999981,0.34999999999999981,0.34999999999999981,0.34999999999999981,0.34999999999999981,0.34999999999999981,0.34999999999999981,0.34999999999999981,0.34999999999999981,0.34999999999999981,0.34999999999999981,0.34999999999999981,0.34999999999999981,0.34999999999999981,0.34999999999999981,0.34999999999999981,0.34999999999999981,0.34999999999999981,0.34999999999999981,0.34999999999999981,0.34999999999999981,0.34999999999999981,0.34999999999999981,0.34999999999999981,0.34999999999999981,0.34999999999999981,0.34999999999999981,0.34999999999999981,0.34999999999999981,0.34999999999999981,0.34999999999999981,0.34999999999999981,0.34999999999999981,0.34999999999999981,0.34999999999999981,0.34999999999999981,0.34999999999999981,0.34999999999999981,0.34999999999999981,0.34999999999999981,0.34999999999999981,0.34999999999999981,0.34999999999999981,0.34999999999999981,0.34999999999999981,0.34999999999999981,0.34999999999999981,0.34999999999999981,0.34999999999999981,0.34999999999999981,0.34999999999999981,0.34999999999999981,0.34999999999999981]
[null,null,null,{"$f":"D55 -$D$6","v":0.29999999999999982},{"$f":"$D57","v":0.29999999999999982},{"$f":"$D57","v":0.29999999999999982},0.29999999999999982,0.29999999999999982,0.29999999999999982,0.29999999999999982,0.29999999999999982,0.29999999999999982,0.29999999999999982,0.29999999999999982,0.29999999999999982,0.29999999999999982,0.29999999999999982,0.29999999999999982,0.29999999999999982,0.29999999999999982,0.29999999999999982,0.29999999999999982,0.29999999999999982,0.29999999999999982,0.29999999999999982,0.29999999999999982,0.29999999999999982,0.29999999999999982,0.29999999999999982,0.29999999999999982,0.29999999999999982,0.29999999999999982,0.29999999999999982,0.29999999999999982,0.29999999999999982,0.29999999999999982,0.29999999999999982,0.29999999999999982,0.29999999999999982,0.29999999999999982,0.29999999999999982,0.29999999999999982,0.29999999999999982,0.29999999999999982,0.29999999999999982,0.29999999999999982,0.29999999999999982,0.29999999999999982,0.29999999999999982,0.29999999999999982,0.29999999999999982,0.29999999999999982,0.29999999999999982,0.29999999999999982,0.29999999999999982,0.29999999999999982,0.29999999999999982,0.29999999999999982,0.29999999999999982,0.29999999999999982,0.29999999999999982,0.29999999999999982,0.29999999999999982,0.29999999999999982,0.29999999999999982,0.29999999999999982]
[null,null,null,null,{"$f":"$D57-$D$6*0.5","v":0.24999999999999983},0.24999999999999983,0.24999999999999983,0.24999999999999983,0.24999999999999983,0.24999999999999983,0.24999999999999983,0.24999999999999983,0.24999999999999983,0.24999999999999983,0.24999999999999983,0.24999999999999983,0.24999999999999983,0.24999999999999983,0.24999999999999983,0.24999999999999983,0.24999999999999983,0.24999999999999983,0.24999999999999983,0.24999999999999983,0.24999999999999983,0.24999999999999983,0.24999999999999983,0.24999999999999983,0.24999999999999983,0.24999999999999983,0.24999999999999983,0.24999999999999983,0.24999999999999983,0.24999999999999983,0.24999999999999983,0.24999999999999983,0.24999999999999983,0.24999999999999983,0.24999999999999983,0.24999999999999983,0.24999999999999983,0.24999999999999983,0.24999999999999983,0.24999999999999983,0.24999999999999983,0.24999999999999983,0.24999999999999983,0.24999999999999983,0.24999999999999983,0.24999999999999983,0.24999999999999983,0.24999999999999983,0.24999999999999983,0.24999999999999983,0.24999999999999983,0.24999999999999983,0.24999999999999983,0.24999999999999983,0.24999999999999983,0.24999999999999983,0.24999999999999983,0.24999999999999983,0.24999999999999983,0.24999999999999983,0.24999999999999983,0.24999999999999983]
[null,null,null,{"$f":"D57 -$D$6","v":0.19999999999999982},{"$f":"$D59","v":0.19999999999999982},{"$f":"$D59","v":0.19999999999999982},0.19999999999999982,0.19999999999999982,0.19999999999999982,0.19999999999999982,0.19999999999999982,0.19999999999999982,0.19999999999999982,0.19999999999999982,0.19999999999999982,0.19999999999999982,0.19999999999999982,0.19999999999999982,0.19999999999999982,0.19999999999999982,0.19999999999999982,0.19999999999999982,0.19999999999999982,0.19999999999999982,0.19999999999999982,0.19999999999999982,0.19999999999999982,0.19999999999999982,0.19999999999999982,0.19999999999999982,0.19999999999999982,0.19999999999999982,0.19999999999999982,0.19999999999999982,0.19999999999999982,0.19999999999999982,0.19999999999999982,0.19999999999999982,0.19999999999999982,0.19999999999999982,0.19999999999999982,0.19999999999999982,0.19999999999999982,0.19999999999999982,0.19999999999999982,0.19999999999999982,0.19999999999999982,0.19999999999999982,0.19999999999999982,0.19999999999999982,0.19999999999999982,0.19999999999999982,0.19999999999999982,0.19999999999999982,0.19999999999999982,0.19999999999999982,0.19999999999999982,0.19999999999999982,0.19999999999999982,0.19999999999999982,0.19999999999999982,0.19999999999999982,0.19999999999999982,0.19999999999999982,0.19999999999999982,0.19999999999999982]
[null,null,null,null,{"$f":"$D59-$D$6*0.5","v":0.1499999999999998},0.1499999999999998,0.1499999999999998,0.1499999999999998,0.1499999999999998,0.1499999999999998,0.1499999999999998,0.1499999999999998,0.1499999999999998,0.1499999999999998,0.1499999999999998,0.1499999999999998,0.1499999999999998,0.1499999999999998,0.1499999999999998,0.1499999999999998,0.1499999999999998,0.1499999999999998,0.1499999999999998,0.1499999999999998,0.1499999999999998,0.1499999999999998,0.1499999999999998,0.1499999999999998,0.1499999999999998,0.1499999999999998,0.1499999999999998,0.1499999999999998,0.1499999999999998,0.1499999999999998,0.1499999999999998,0.1499999999999998,0.1499999999999998,0.1499999999999998,0.1499999999999998,0.1499999999999998,0.1499999999999998,0.1499999999999998,0.1499999999999998,0.1499999999999998,0.1499999999999998,0.1499999999999998,0.1499999999999998,0.1499999999999998,0.1499999999999998,0.1499999999999998,0.1499999999999998,0.1499999999999998,0.1499999999999998,0.1499999999999998,0.1499999999999998,0.1499999999999998,0.1499999999999998,0.1499999999999998,0.1499999999999998,0.1499999999999998,0.1499999999999998,0.1499999999999998,0.1499999999999998,0.1499999999999998,0.1499999999999998,0.1499999999999998]
[null,"Day",null,null,1,2,3,4,5,6,7,8,9,10,11,12,13,14,15,16,17,18,19,20,21,22,23,24,25,26,27,28,29,30,31,1,2,3,4,5,6,7,8,9,10,11,12,13,14,15,16,17,18,19,20,21,22,23,24,25,26,27,28,29,30,31]
[null,"Month"]
[null,"Audit"]
[]
[null,"©2014-2025 Master Fluid Solutions    |    Because conditions of use are beyond our control, no guarantee, representation, or warranty expressed or implied is made. Consult Master Chemical Corporation for further information or appropriate operating ranges.    |    Updated: 2025-05-07"]

{"sheet":"Math-DO-NOT-Delete","index":3,"n_rows":43,"n_cols":18,"rows_kept":43,"cut":false,"hidden":false,"merged":[]}
["prod_name_tm_na_en_us","Work Refractometer Factor Brix NA en-US","Work Titration Factor CGF 1 NA en-US","Work Digital Titration NA en-US","m_min_target_concentration","m_target_concentration","m_max_target_concentration","Yellow Rows",5,null,"Date Removed","REMOVED PRODUCT","%Brix RI Factor Digital Refractometer","Coolant Titration Factor CGF-1","Digital Titration Factor","m_min_target_concentration","m_target_concentration","m_max_target_concentration"]
["TRIM SOL®","1","6.25","0.225",6,7.5,9,"Display Factor",3.5,null,null,"TRIM® C275"]
["TRIM SOL® LC sf","1","","",6,7.5,9,"Total Rows",54,null,"2016-12-22","TRIM® CE/CE2 nd",1.05,"N/A","N/A",6,7.5,9]
["TRIM SOL® nd","1","6.25","0.225",6,7.5,9,null,null,null,null,"TRIM® CLEAR"]
["TRIM® 229","1.3","0.11","0.0032",0.5,1,2,null,null,null,null,"CoolPAK C2000"]
["TRIM® 9106","2.6","0.49","0.01",5,6,7,null,"Makeup",null,null,"TRIM® E190"]
["TRIM® C118","3.4","0.6","0.0189",6,7.5,9,null,0.1,null,null,"TRIM® MIST"]
["TRIM® C270","3.3","0.56","0.0175",6,7.5,9,null,0.2,null,null,"TRIM® MicroSol® 185 "]
["TRIM® C270 bd","3.3","0.561","0.0175",6,7.5,9,null,0.3,null,null,"TRIM® MicroSol® 555"]
["TRIM® C270CG","3.3","0.84","0.0201",6,7.5,9,null,0.4,null,null,"TRIM® MicroSol® 606slf"]
["TRIM® C270CG bd","3.3","0.84","0.0201",6,7.5,9,null,0.5,null,null,"TRIM® SC125"]
["TRIM® C276","3.1","0.66","0.0173",6,7.5,9,null,0.6,null,null,"TRIM® SC210"]
["TRIM® C286","1.8","","0.0176",5,5.5,6,null,0.7,null,null,"TRIM® SC610"]
["TRIM® C290","2.4","1","0.0264",7,8,9,null,0.8,null,null,"TRIM SOL® LC ",null,null,null,null,7.5,9]
["TRIM® C350","1.8","0.73","0.0282",7,8,9,null,0.9,null,"2016-01-26","TRIM® VX",1.1000000000000001,2,7.1999999999999995E-2,6,7.5,9]
["TRIM® C390","1.8","0.67","0.0187",7,8,9,null,1,null,"2016-06-09","TRIM® C270PR",3.1,0.61,"N/A",6]
["TRIM® E206","1","2","0.0582",6,7,8]
["TRIM® E206 nd","1","2","0.0582",6,7,8]
["TRIM® E715","1","0.98","0.0271",6,7.5,10]
["TRIM® E860","1.1","0.78","0.03",7,8,10]
["TRIM® E923","0.9","0.62","0.0192",7,9,15]
["TRIM® E925","1","0.8","0.0239",6,7.5,9]
["TRIM® E925AE","1","0.69","0.0244",6,7.5,9]
["TRIM® HD","2.7","0.68","0.0196",6,7.5,9]
["TRIM® HyperSol™ 888NXT","2.2","0.81","0.0217",5,8,12]
["TRIM® MicroSol® 465","2","0.92","0.04",6,7.5,9]
["TRIM® MicroSol® 555","1.4","0.84","0.0202",6,7.5,9]
["TRIM® MicroSol® 585XT","1.2","0.69","0.0213",6,7.5,9]
["TRIM® MicroSol® 590XT","1.7","0.75","0.0202",6,7.5,9]
["TRIM® MicroSol® 606","1","2","0.0582",6,7,8]
["TRIM® MicroSol® 606 bd","1","2","0.0582",6,7,8]
["TRIM® MicroSol® 642RX","1","0.63","0.0173",6,7.5,9]
["TRIM® MicroSol® 685XT","1.2","0.74","0.0198",6,7.5,9]
["TRIM® MicroSol® 690XT","1.2","0.75","0.0164",6,7.5,9]
["TRIM® MicroSol® 692XT","1","0.63","0.0173",6,7.5,9]
["TRIM® SC230","3.3","0.561","0.0175",6,7.5,9]
["TRIM® SC230CG","3.3","0.84","0.0201",6,7.5,9]
["TRIM® SC520","1.8","0.59","0.0177",6,7.5,9]
["TRIM® SC536","3.1","0.66","0.0173",6,7.5,9]
["TRIM® SC620","1.7","0.63","0.0169",6,7.5,9]
["TRIM® VHP® E200PW","0.9","","",5,6.5,7.5]
["TRIM® VHP® E210","0.9","","",5,6.5,7.5]
["TRIM® VHP® E320","0.9","","",5,6.5,7.5]